CRAN Package Check Results for Package RonFHIR

Last updated on 2025-11-02 07:50:19 CET.

Flavor Version Tinstall Tcheck Ttotal Status Flags
r-devel-linux-x86_64-debian-clang 0.4.0 5.56 28.69 34.25 OK
r-devel-linux-x86_64-debian-gcc 0.4.0 4.11 22.86 26.97 OK
r-devel-linux-x86_64-fedora-clang 0.4.0 13.00 36.81 49.81 OK
r-devel-linux-x86_64-fedora-gcc 0.4.0 12.00 36.23 48.23 OK
r-devel-windows-x86_64 0.4.0 6.00 44.00 50.00 OK
r-patched-linux-x86_64 0.4.0 5.67 26.19 31.86 OK
r-release-linux-x86_64 0.4.0 5.01 26.42 31.43 OK
r-release-macos-arm64 0.4.0 3.00 19.00 22.00 OK
r-release-macos-x86_64 0.4.0 5.00 30.00 35.00 OK
r-release-windows-x86_64 0.4.0 6.00 43.00 49.00 OK
r-oldrel-macos-arm64 0.4.0 2.00 16.00 18.00 NOTE
r-oldrel-macos-x86_64 0.4.0 4.00 24.00 28.00 NOTE
r-oldrel-windows-x86_64 0.4.0 9.00 50.00 59.00 NOTE

Check Details

Version: 0.4.0
Check: LazyData
Result: NOTE 'LazyData' is specified without a 'data' directory Flavors: r-oldrel-macos-arm64, r-oldrel-macos-x86_64, r-oldrel-windows-x86_64