Last updated on 2025-02-06 07:50:44 CET.
Flavor | Version | Tinstall | Tcheck | Ttotal | Status | Flags |
---|---|---|---|---|---|---|
r-devel-linux-x86_64-debian-clang | 1.0 | 1.74 | 21.44 | 23.18 | OK | |
r-devel-linux-x86_64-debian-gcc | 1.0 | 1.40 | 17.09 | 18.49 | OK | |
r-devel-linux-x86_64-fedora-clang | 1.0 | 40.05 | OK | |||
r-devel-linux-x86_64-fedora-gcc | 1.0 | 51.15 | OK | |||
r-devel-windows-x86_64 | 1.0 | 2.00 | 44.00 | 46.00 | OK | |
r-patched-linux-x86_64 | 1.0 | 1.78 | 20.78 | 22.56 | NOTE | |
r-release-linux-x86_64 | 1.0 | 1.69 | 20.51 | 22.20 | NOTE | |
r-release-macos-arm64 | 1.0 | 22.00 | NOTE | |||
r-release-macos-x86_64 | 1.0 | 31.00 | NOTE | |||
r-release-windows-x86_64 | 1.0 | 4.00 | 44.00 | 48.00 | NOTE | |
r-oldrel-macos-arm64 | 1.0 | 19.00 | NOTE | |||
r-oldrel-macos-x86_64 | 1.0 | 32.00 | NOTE | |||
r-oldrel-windows-x86_64 | 1.0 | 4.00 | 45.00 | 49.00 | NOTE |
Version: 1.0
Check: LazyData
Result: NOTE
'LazyData' is specified without a 'data' directory
Flavors: r-patched-linux-x86_64, r-release-linux-x86_64, r-release-macos-arm64, r-release-macos-x86_64, r-release-windows-x86_64, r-oldrel-macos-arm64, r-oldrel-macos-x86_64, r-oldrel-windows-x86_64