Last updated on 2024-05-09 07:56:56 CEST.
Flavor | Version | Tinstall | Tcheck | Ttotal | Status | Flags |
---|---|---|---|---|---|---|
r-devel-linux-x86_64-debian-clang | 0.1.11 | 135.29 | 48.78 | 184.07 | OK | |
r-devel-linux-x86_64-debian-gcc | 0.1.11 | 118.06 | 37.09 | 155.15 | OK | |
r-devel-linux-x86_64-fedora-clang | 0.1.11 | 236.42 | NOTE | |||
r-devel-linux-x86_64-fedora-gcc | 0.1.11 | 349.76 | OK | |||
r-devel-windows-x86_64 | 0.1.11 | 105.00 | 104.00 | 209.00 | NOTE | |
r-patched-linux-x86_64 | 0.1.11 | 142.88 | 46.42 | 189.30 | OK | |
r-release-linux-x86_64 | 0.1.11 | 148.15 | 47.02 | 195.17 | OK | |
r-release-macos-arm64 | 0.1.11 | 54.00 | NOTE | |||
r-release-windows-x86_64 | 0.1.11 | 101.00 | 99.00 | 200.00 | NOTE | |
r-oldrel-macos-arm64 | 0.1.11 | 62.00 | NOTE | |||
r-oldrel-macos-x86_64 | 0.1.11 | 131.00 | NOTE | |||
r-oldrel-windows-x86_64 | 0.1.11 | 101.00 | 103.00 | 204.00 | NOTE |
Version: 0.1.11
Check: installed package size
Result: NOTE
installed size is 7.8Mb
sub-directories of 1Mb or more:
include 2.0Mb
jsonexamples 3.9Mb
libs 1.7Mb
Flavors: r-devel-linux-x86_64-fedora-clang, r-devel-windows-x86_64, r-release-macos-arm64, r-release-windows-x86_64, r-oldrel-macos-arm64, r-oldrel-macos-x86_64, r-oldrel-windows-x86_64