Last updated on 2025-10-29 07:50:47 CET.
| Flavor | Version | Tinstall | Tcheck | Ttotal | Status | Flags |
|---|---|---|---|---|---|---|
| r-devel-linux-x86_64-debian-clang | 2.0.13 | 179.66 | 202.93 | 382.59 | OK | |
| r-devel-linux-x86_64-debian-gcc | 2.0.13 | 129.33 | 156.59 | 285.92 | OK | |
| r-devel-linux-x86_64-fedora-clang | 2.0.13 | 311.00 | 328.12 | 639.12 | OK | |
| r-devel-linux-x86_64-fedora-gcc | 2.0.13 | 356.00 | 258.28 | 614.28 | OK | |
| r-devel-windows-x86_64 | 2.0.13 | 599.00 | 367.00 | 966.00 | OK | |
| r-patched-linux-x86_64 | 2.0.13 | 185.84 | 136.39 | 322.23 | OK | |
| r-release-linux-x86_64 | 2.0.13 | 185.25 | 133.62 | 318.87 | OK | |
| r-release-macos-arm64 | 2.0.13 | 78.00 | 61.00 | 139.00 | OK | |
| r-release-macos-x86_64 | 2.0.13 | 133.00 | 102.00 | 235.00 | OK | |
| r-release-windows-x86_64 | 2.0.13 | 634.00 | 362.00 | 996.00 | OK | |
| r-oldrel-macos-arm64 | 2.0.13 | 73.00 | 63.00 | 136.00 | NOTE | |
| r-oldrel-macos-x86_64 | 2.0.13 | 139.00 | 106.00 | 245.00 | NOTE | |
| r-oldrel-windows-x86_64 | 2.0.13 | 701.00 | 469.00 | 1170.00 | NOTE |
Version: 2.0.13
Check: installed package size
Result: NOTE
installed size is 26.9Mb
sub-directories of 1Mb or more:
libs 24.9Mb
Flavors: r-oldrel-macos-arm64, r-oldrel-macos-x86_64, r-oldrel-windows-x86_64
Version: 2.0.13
Check: for GNU extensions in Makefiles
Result: NOTE
GNU make is a SystemRequirements.
Flavors: r-oldrel-macos-arm64, r-oldrel-macos-x86_64