Last updated on 2024-05-09 07:56:56 CEST.
Flavor | Version | Tinstall | Tcheck | Ttotal | Status | Flags |
---|---|---|---|---|---|---|
r-devel-linux-x86_64-debian-clang | 0.0.2 | 29.27 | 32.06 | 61.33 | OK | |
r-devel-linux-x86_64-debian-gcc | 0.0.2 | 21.96 | 24.45 | 46.41 | OK | |
r-devel-linux-x86_64-fedora-clang | 0.0.2 | 78.66 | NOTE | |||
r-devel-linux-x86_64-fedora-gcc | 0.0.2 | 130.33 | NOTE | |||
r-devel-windows-x86_64 | 0.0.2 | 27.00 | 75.00 | 102.00 | OK | |
r-patched-linux-x86_64 | 0.0.2 | 27.57 | 30.04 | 57.61 | OK | |
r-release-linux-x86_64 | 0.0.2 | 26.92 | 30.82 | 57.74 | OK | |
r-release-macos-arm64 | 0.0.2 | 21.00 | OK | |||
r-release-windows-x86_64 | 0.0.2 | 28.00 | 108.00 | 136.00 | OK | |
r-oldrel-macos-arm64 | 0.0.2 | 28.00 | OK | |||
r-oldrel-macos-x86_64 | 0.0.2 | 40.00 | OK | |||
r-oldrel-windows-x86_64 | 0.0.2 | 31.00 | 73.00 | 104.00 | OK |
Version: 0.0.2
Check: data for non-ASCII characters
Result: NOTE
Note: found 1 marked UTF-8 string
Flavors: r-devel-linux-x86_64-fedora-clang, r-devel-linux-x86_64-fedora-gcc