Last updated on 2025-02-17 07:50:44 CET.
Flavor | Version | Tinstall | Tcheck | Ttotal | Status | Flags |
---|---|---|---|---|---|---|
r-devel-linux-x86_64-debian-clang | 0.2.7 | 66.97 | 68.91 | 135.88 | OK | |
r-devel-linux-x86_64-debian-gcc | 0.2.7 | 55.82 | 44.72 | 100.54 | OK | |
r-devel-linux-x86_64-fedora-clang | 0.2.7 | 252.37 | OK | |||
r-devel-linux-x86_64-fedora-gcc | 0.2.7 | 260.43 | OK | |||
r-devel-macos-arm64 | 0.2.7 | 58.00 | OK | |||
r-devel-macos-x86_64 | 0.2.7 | 80.00 | OK | |||
r-devel-windows-x86_64 | 0.2.7 | 75.00 | 115.00 | 190.00 | OK | |
r-patched-linux-x86_64 | 0.2.7 | 73.82 | 62.68 | 136.50 | OK | |
r-release-linux-x86_64 | 0.2.7 | 79.05 | 63.63 | 142.68 | OK | |
r-release-macos-arm64 | 0.2.7 | 68.00 | NOTE | |||
r-release-macos-x86_64 | 0.2.7 | 105.00 | NOTE | |||
r-release-windows-x86_64 | 0.2.7 | 74.00 | 122.00 | 196.00 | OK | |
r-oldrel-macos-arm64 | 0.2.6 | 68.00 | NOTE | |||
r-oldrel-macos-x86_64 | 0.2.7 | 80.00 | NOTE | |||
r-oldrel-windows-x86_64 | 0.2.7 | 74.00 | 140.00 | 214.00 | OK |
Version: 0.2.7
Check: installed package size
Result: NOTE
installed size is 9.6Mb
sub-directories of 1Mb or more:
libs 9.4Mb
Flavors: r-release-macos-arm64, r-release-macos-x86_64, r-oldrel-macos-x86_64
Version: 0.2.6
Check: C++ specification
Result: NOTE
Specified C++11: please drop specification unless essential
Flavor: r-oldrel-macos-arm64
Version: 0.2.6
Check: installed package size
Result: NOTE
installed size is 9.4Mb
sub-directories of 1Mb or more:
libs 9.2Mb
Flavor: r-oldrel-macos-arm64