Last updated on 2024-07-26 07:52:00 CEST.
Flavor | Version | Tinstall | Tcheck | Ttotal | Status | Flags |
---|---|---|---|---|---|---|
r-devel-linux-x86_64-debian-clang | 0.2.0 | 22.99 | 171.53 | 194.52 | OK | |
r-devel-linux-x86_64-debian-gcc | 0.2.0 | 17.17 | 125.02 | 142.19 | NOTE | |
r-devel-linux-x86_64-fedora-clang | 0.2.0 | 253.52 | OK | |||
r-devel-linux-x86_64-fedora-gcc | 0.2.0 | 249.57 | OK | |||
r-devel-windows-x86_64 | 0.2.0 | 30.00 | 183.00 | 213.00 | NOTE | |
r-patched-linux-x86_64 | 0.2.0 | OK | ||||
r-release-linux-x86_64 | 0.2.0 | 19.33 | 163.57 | 182.90 | OK | |
r-release-macos-arm64 | 0.2.0 | 80.00 | OK | |||
r-release-macos-x86_64 | 0.2.0 | 109.00 | OK | |||
r-release-windows-x86_64 | 0.2.0 | 25.00 | 171.00 | 196.00 | OK | |
r-oldrel-macos-arm64 | 0.2.0 | 68.00 | OK | |||
r-oldrel-macos-x86_64 | 0.2.0 | 114.00 | OK | |||
r-oldrel-windows-x86_64 | 0.2.0 | 25.00 | 159.00 | 184.00 | OK |
Version: 0.2.0
Check: Rd cross-references
Result: NOTE
Found the following Rd file(s) with Rd \link{} targets missing package
anchors:
RcmdrPlugin.cpd.Rd: cpd, Rcmdr
Please provide package anchors for all Rd \link{} targets not in the
package itself and the base packages.
Flavors: r-devel-linux-x86_64-debian-gcc, r-devel-windows-x86_64