Last updated on 2025-01-25 07:50:39 CET.
Flavor | Version | Tinstall | Tcheck | Ttotal | Status | Flags |
---|---|---|---|---|---|---|
r-devel-linux-x86_64-debian-clang | 0.2-3 | 17.59 | 132.86 | 150.45 | NOTE | |
r-devel-linux-x86_64-debian-gcc | 0.2-3 | 14.38 | 98.49 | 112.87 | NOTE | |
r-devel-linux-x86_64-fedora-clang | 0.2-3 | 255.48 | OK | |||
r-devel-linux-x86_64-fedora-gcc | 0.2-3 | 238.68 | OK | |||
r-devel-windows-x86_64 | 0.2-3 | 29.00 | 206.00 | 235.00 | NOTE | |
r-patched-linux-x86_64 | 0.2-3 | 24.51 | 121.65 | 146.16 | OK | |
r-release-linux-x86_64 | 0.2-3 | 16.62 | 123.83 | 140.45 | OK | |
r-release-macos-arm64 | 0.2-3 | 86.00 | OK | |||
r-release-macos-x86_64 | 0.2-3 | 111.00 | OK | |||
r-release-windows-x86_64 | 0.2-3 | 27.00 | 203.00 | 230.00 | OK | |
r-oldrel-macos-arm64 | 0.2-3 | 71.00 | OK | |||
r-oldrel-macos-x86_64 | 0.2-3 | 242.00 | OK | |||
r-oldrel-windows-x86_64 | 0.2-3 | 24.00 | 172.00 | 196.00 | OK |
Version: 0.2-3
Check: Rd cross-references
Result: NOTE
Found the following Rd file(s) with Rd \link{} targets missing package
anchors:
RcmdrPlugin.BWS3-package.Rd: support.BWS3, support.CEs, Rcmdr
Please provide package anchors for all Rd \link{} targets not in the
package itself and the base packages.
Flavors: r-devel-linux-x86_64-debian-clang, r-devel-linux-x86_64-debian-gcc, r-devel-windows-x86_64