Last updated on 2024-07-26 07:52:00 CEST.
Flavor | Version | Tinstall | Tcheck | Ttotal | Status | Flags |
---|---|---|---|---|---|---|
r-devel-linux-x86_64-debian-clang | 1.3.82 | 8.98 | 108.05 | 117.03 | OK | |
r-devel-linux-x86_64-debian-gcc | 1.3.82 | 5.99 | 97.27 | 103.26 | OK | |
r-devel-linux-x86_64-fedora-clang | 1.3.82 | 159.90 | NOTE | |||
r-devel-linux-x86_64-fedora-gcc | 1.3.82 | 159.55 | NOTE | |||
r-devel-windows-x86_64 | 1.3.82 | 9.00 | 116.00 | 125.00 | OK | |
r-patched-linux-x86_64 | 1.3.82 | OK | ||||
r-release-linux-x86_64 | 1.3.82 | 8.28 | 121.10 | 129.38 | OK | |
r-release-macos-arm64 | 1.3.82 | 41.00 | OK | |||
r-release-macos-x86_64 | 1.3.82 | 67.00 | OK | |||
r-release-windows-x86_64 | 1.3.82 | 9.00 | 114.00 | 123.00 | OK | |
r-oldrel-macos-arm64 | 1.3.82 | 45.00 | OK | |||
r-oldrel-macos-x86_64 | 1.3.82 | 71.00 | OK | |||
r-oldrel-windows-x86_64 | 1.3.82 | 12.00 | 124.00 | 136.00 | OK |
Version: 1.3.82
Check: data for non-ASCII characters
Result: NOTE
Note: found 26334 marked UTF-8 strings
Flavors: r-devel-linux-x86_64-fedora-clang, r-devel-linux-x86_64-fedora-gcc