Last updated on 2024-07-26 07:51:59 CEST.
Flavor | Version | Tinstall | Tcheck | Ttotal | Status | Flags |
---|---|---|---|---|---|---|
r-devel-linux-x86_64-debian-clang | 0.2.2 | 15.16 | 127.72 | 142.88 | NOTE | |
r-devel-linux-x86_64-debian-gcc | 0.2.2 | 12.48 | 95.33 | 107.81 | NOTE | |
r-devel-linux-x86_64-fedora-clang | 0.2.2 | 181.49 | NOTE | |||
r-devel-linux-x86_64-fedora-gcc | 0.2.2 | 186.13 | NOTE | |||
r-devel-windows-x86_64 | 0.2.2 | 13.00 | 104.00 | 117.00 | NOTE | |
r-patched-linux-x86_64 | 0.2.2 | NOTE | ||||
r-release-linux-x86_64 | 0.2.2 | 9.38 | 120.03 | 129.41 | NOTE | |
r-release-macos-arm64 | 0.2.2 | 51.00 | NOTE | |||
r-release-macos-x86_64 | 0.2.2 | 71.00 | NOTE | |||
r-release-windows-x86_64 | 0.2.2 | 14.00 | 105.00 | 119.00 | NOTE | |
r-oldrel-macos-arm64 | 0.2.2 | 53.00 | NOTE | |||
r-oldrel-macos-x86_64 | 0.2.2 | 90.00 | NOTE | |||
r-oldrel-windows-x86_64 | 0.2.2 | 18.00 | 122.00 | 140.00 | NOTE |
Version: 0.2.2
Check: LazyData
Result: NOTE
'LazyData' is specified without a 'data' directory
Flavors: r-devel-linux-x86_64-debian-clang, r-devel-linux-x86_64-debian-gcc, r-devel-linux-x86_64-fedora-clang, r-devel-linux-x86_64-fedora-gcc, r-devel-windows-x86_64, r-patched-linux-x86_64, r-release-linux-x86_64, r-release-macos-arm64, r-release-macos-x86_64, r-release-windows-x86_64, r-oldrel-macos-arm64, r-oldrel-macos-x86_64, r-oldrel-windows-x86_64