Last updated on 2025-06-30 07:49:28 CEST.
Flavor | Version | Tinstall | Tcheck | Ttotal | Status | Flags |
---|---|---|---|---|---|---|
r-devel-linux-x86_64-debian-clang | 1.2.9 | 321.85 | 532.18 | 854.03 | OK | |
r-devel-linux-x86_64-debian-gcc | 1.2.9 | 217.75 | 357.69 | 575.44 | OK | |
r-devel-linux-x86_64-fedora-clang | 1.2.9 | 1537.74 | OK | |||
r-devel-linux-x86_64-fedora-gcc | 1.2.9 | 1445.62 | OK | |||
r-devel-windows-x86_64 | 1.2.9 | 374.00 | 605.00 | 979.00 | OK | |
r-patched-linux-x86_64 | OK | |||||
r-release-linux-x86_64 | 1.2.9 | 308.10 | 529.05 | 837.15 | OK | |
r-release-macos-arm64 | 1.2.9 | 399.00 | OK | |||
r-release-macos-x86_64 | 1.2.9 | 666.00 | OK | |||
r-release-windows-x86_64 | 1.2.9 | 371.00 | 611.00 | 982.00 | OK | |
r-oldrel-macos-arm64 | 1.2.9 | 399.00 | NOTE | |||
r-oldrel-macos-x86_64 | 1.2.9 | 527.00 | NOTE | |||
r-oldrel-windows-x86_64 | 1.2.9 | 438.00 | 783.00 | 1221.00 | NOTE |
Version: 1.2.9
Check: installed package size
Result: NOTE
installed size is 25.1Mb
sub-directories of 1Mb or more:
doc 5.3Mb
htmlwidgets 1.8Mb
libs 16.0Mb
Flavors: r-oldrel-macos-arm64, r-oldrel-macos-x86_64, r-oldrel-windows-x86_64