Last updated on 2024-07-26 07:52:02 CEST.
Flavor | Version | Tinstall | Tcheck | Ttotal | Status | Flags |
---|---|---|---|---|---|---|
r-devel-linux-x86_64-debian-clang | 3.9.3-2 | 5.01 | 29.36 | 34.37 | OK | |
r-devel-linux-x86_64-debian-gcc | 3.9.3-2 | 3.39 | 22.25 | 25.64 | OK | |
r-devel-linux-x86_64-fedora-clang | 3.9.3-2 | 43.92 | NOTE | |||
r-devel-linux-x86_64-fedora-gcc | 3.9.3-2 | 44.63 | OK | |||
r-devel-windows-x86_64 | 3.9.3-2 | 6.00 | 34.00 | 40.00 | NOTE | |
r-patched-linux-x86_64 | 3.9.3-2 | OK | ||||
r-release-linux-x86_64 | 3.9.3-2 | 4.20 | 27.99 | 32.19 | OK | |
r-release-macos-arm64 | 3.9.3-2 | 18.00 | NOTE | |||
r-release-macos-x86_64 | 3.9.3-2 | 27.00 | NOTE | |||
r-release-windows-x86_64 | 3.9.3-2 | 4.00 | 33.00 | 37.00 | NOTE | |
r-oldrel-macos-arm64 | 3.9.3-2 | 20.00 | NOTE | |||
r-oldrel-macos-x86_64 | 3.9.3-2 | 28.00 | NOTE | |||
r-oldrel-windows-x86_64 | 3.9.3-2 | 7.00 | 39.00 | 46.00 | NOTE |
Version: 3.9.3-2
Check: installed package size
Result: NOTE
installed size is 10.8Mb
sub-directories of 1Mb or more:
java 10.7Mb
Flavors: r-devel-linux-x86_64-fedora-clang, r-devel-windows-x86_64, r-release-macos-arm64, r-release-macos-x86_64, r-release-windows-x86_64, r-oldrel-macos-arm64, r-oldrel-macos-x86_64, r-oldrel-windows-x86_64