Last updated on 2025-02-17 07:50:46 CET.
Flavor | Version | Tinstall | Tcheck | Ttotal | Status | Flags |
---|---|---|---|---|---|---|
r-devel-linux-x86_64-debian-clang | 1.4.3 | 13.23 | 107.43 | 120.66 | OK | |
r-devel-linux-x86_64-debian-gcc | 1.4.3 | 9.88 | 82.61 | 92.49 | OK | |
r-devel-linux-x86_64-fedora-clang | 1.4.3 | 188.29 | NOTE | |||
r-devel-linux-x86_64-fedora-gcc | 1.4.3 | 175.53 | NOTE | |||
r-devel-macos-arm64 | 1.4.3 | 57.00 | OK | |||
r-devel-macos-x86_64 | 1.4.3 | 113.00 | OK | |||
r-devel-windows-x86_64 | 1.4.3 | 22.00 | 123.00 | 145.00 | OK | |
r-patched-linux-x86_64 | 1.4.3 | 12.20 | 98.83 | 111.03 | OK | |
r-release-linux-x86_64 | 1.4.3 | 12.87 | 98.38 | 111.25 | OK | |
r-release-macos-arm64 | 1.4.3 | 56.00 | OK | |||
r-release-macos-x86_64 | 1.4.3 | 83.00 | OK | |||
r-release-windows-x86_64 | 1.4.3 | 21.00 | 135.00 | 156.00 | OK | |
r-oldrel-macos-arm64 | 1.4.3 | 61.00 | OK | |||
r-oldrel-macos-x86_64 | 1.4.3 | 90.00 | OK | |||
r-oldrel-windows-x86_64 | 1.4.3 | 24.00 | 141.00 | 165.00 | OK |
Version: 1.4.3
Check: compiled code
Result: NOTE
File ‘RTextTools/libs/RTextTools.so’:
Found no calls to: ‘R_registerRoutines’, ‘R_useDynamicSymbols’
It is good practice to register native routines and to disable symbol
search.
See ‘Writing portable packages’ in the ‘Writing R Extensions’ manual.
Flavors: r-devel-linux-x86_64-fedora-clang, r-devel-linux-x86_64-fedora-gcc