Last updated on 2025-02-19 07:53:58 CET.
Flavor | Version | Tinstall | Tcheck | Ttotal | Status | Flags |
---|---|---|---|---|---|---|
r-devel-linux-x86_64-debian-clang | 0.1.3 | 3.64 | 28.65 | 32.29 | NOTE | |
r-devel-linux-x86_64-debian-gcc | 0.1.3 | 2.36 | 22.80 | 25.16 | NOTE | |
r-devel-linux-x86_64-fedora-clang | 0.1.3 | 54.60 | NOTE | |||
r-devel-linux-x86_64-fedora-gcc | 0.1.3 | 65.70 | NOTE | |||
r-devel-macos-arm64 | 0.1.3 | 28.00 | NOTE | |||
r-devel-macos-x86_64 | 0.1.3 | 45.00 | NOTE | |||
r-devel-windows-x86_64 | 0.1.3 | 5.00 | 50.00 | 55.00 | NOTE | |
r-patched-linux-x86_64 | 0.1.3 | 3.67 | 27.08 | 30.75 | NOTE | |
r-release-linux-x86_64 | 0.1.3 | 3.85 | 27.40 | 31.25 | NOTE | |
r-release-macos-arm64 | 0.1.3 | 26.00 | NOTE | |||
r-release-macos-x86_64 | 0.1.3 | 38.00 | NOTE | |||
r-release-windows-x86_64 | 0.1.3 | 5.00 | 58.00 | 63.00 | NOTE | |
r-oldrel-macos-arm64 | 0.1.3 | 39.00 | NOTE | |||
r-oldrel-macos-x86_64 | 0.1.3 | 35.00 | NOTE | |||
r-oldrel-windows-x86_64 | 0.1.3 | 6.00 | 52.00 | 58.00 | NOTE |
Version: 0.1.3
Check: package subdirectories
Result: NOTE
Problems with news in ‘NEWS.md’:
No news entries found.
Flavors: r-devel-linux-x86_64-debian-clang, r-devel-linux-x86_64-debian-gcc, r-devel-linux-x86_64-fedora-clang, r-devel-linux-x86_64-fedora-gcc, r-devel-macos-arm64, r-devel-macos-x86_64, r-devel-windows-x86_64, r-patched-linux-x86_64, r-release-linux-x86_64, r-release-macos-arm64, r-release-macos-x86_64, r-release-windows-x86_64, r-oldrel-macos-arm64, r-oldrel-macos-x86_64, r-oldrel-windows-x86_64