Last updated on 2025-06-30 07:49:30 CEST.
Flavor | Version | Tinstall | Tcheck | Ttotal | Status | Flags |
---|---|---|---|---|---|---|
r-devel-linux-x86_64-debian-clang | 1.0.2.1 | 112.77 | 504.93 | 617.70 | OK | |
r-devel-linux-x86_64-debian-gcc | 1.0.2.1 | 76.35 | 317.51 | 393.86 | OK | |
r-devel-linux-x86_64-fedora-clang | 1.0.2.1 | 1005.58 | OK | |||
r-devel-linux-x86_64-fedora-gcc | 1.0.2.1 | 960.71 | OK | |||
r-devel-windows-x86_64 | 1.0.2.1 | 124.00 | 455.00 | 579.00 | OK | |
r-patched-linux-x86_64 | OK | |||||
r-release-linux-x86_64 | 1.0.2.1 | 105.53 | 469.20 | 574.73 | OK | |
r-release-macos-arm64 | 1.0.2.1 | 261.00 | OK | |||
r-release-macos-x86_64 | 1.0.2.1 | 322.00 | OK | |||
r-release-windows-x86_64 | 1.0.2.1 | 121.00 | 431.00 | 552.00 | OK | |
r-oldrel-macos-arm64 | 1.0.2.1 | 186.00 | NOTE | |||
r-oldrel-macos-x86_64 | 1.0.2.1 | 394.00 | NOTE | |||
r-oldrel-windows-x86_64 | 1.0.2.1 | 159.00 | 602.00 | 761.00 | OK |
Version: 1.0.2.1
Check: installed package size
Result: NOTE
installed size is 6.4Mb
sub-directories of 1Mb or more:
external 1.6Mb
libs 4.3Mb
Flavors: r-oldrel-macos-arm64, r-oldrel-macos-x86_64