CRAN Package Check Results for Package RSNNS

Last updated on 2025-07-12 07:48:34 CEST.

Flavor Version Tinstall Tcheck Ttotal Status Flags
r-devel-linux-x86_64-debian-clang 0.4-17 71.08 48.32 119.40 NOTE
r-devel-linux-x86_64-debian-gcc 0.4-17 52.40 36.87 89.27 NOTE
r-devel-linux-x86_64-fedora-clang 0.4-17 287.85 OK
r-devel-linux-x86_64-fedora-gcc 0.4-17 208.24 OK
r-devel-windows-x86_64 0.4-17 102.00 133.00 235.00 OK
r-patched-linux-x86_64 0.4-17 76.48 46.04 122.52 NOTE
r-release-linux-x86_64 0.4-17 74.39 45.45 119.84 NOTE
r-release-macos-arm64 0.4-17 59.00 OK
r-release-macos-x86_64 0.4-17 85.00 OK
r-release-windows-x86_64 0.4-17 98.00 104.00 202.00 OK
r-oldrel-macos-arm64 0.4-17 54.00 NOTE
r-oldrel-macos-x86_64 0.4-17 66.00 NOTE
r-oldrel-windows-x86_64 0.4-17 94.00 118.00 212.00 OK

Check Details

Version: 0.4-17
Check: for unstated dependencies in ‘demo’
Result: NOTE 'library' or 'require' call not declared from: ‘plot3D’ Flavors: r-devel-linux-x86_64-debian-clang, r-devel-linux-x86_64-debian-gcc, r-patched-linux-x86_64, r-release-linux-x86_64

Version: 0.4-17
Check: installed package size
Result: NOTE installed size is 7.2Mb sub-directories of 1Mb or more: libs 6.2Mb Flavors: r-oldrel-macos-arm64, r-oldrel-macos-x86_64