Last updated on 2025-11-04 07:50:07 CET.
| Flavor | Version | Tinstall | Tcheck | Ttotal | Status | Flags | 
|---|---|---|---|---|---|---|
| r-devel-linux-x86_64-debian-clang | 1.4.9 | 19.92 | 145.97 | 165.89 | NOTE | |
| r-devel-linux-x86_64-debian-gcc | 1.4.9 | 14.35 | 109.87 | 124.22 | NOTE | |
| r-devel-linux-x86_64-fedora-clang | 1.4.9 | 171.00 | 116.49 | 287.49 | OK | |
| r-devel-linux-x86_64-fedora-gcc | 1.4.9 | 37.00 | 223.07 | 260.07 | OK | |
| r-devel-windows-x86_64 | 1.4.9 | 20.00 | 165.00 | 185.00 | OK | |
| r-patched-linux-x86_64 | 1.4.9 | 17.43 | 139.38 | 156.81 | OK | |
| r-release-linux-x86_64 | 1.4.9 | 18.88 | 139.37 | 158.25 | OK | |
| r-release-macos-arm64 | 1.4.9 | 8.00 | 63.00 | 71.00 | OK | |
| r-release-macos-x86_64 | 1.4.9 | 15.00 | 124.00 | 139.00 | OK | |
| r-release-windows-x86_64 | 1.4.9 | 23.00 | 157.00 | 180.00 | OK | |
| r-oldrel-macos-arm64 | 1.4.9 | 8.00 | 61.00 | 69.00 | NOTE | |
| r-oldrel-macos-x86_64 | 1.4.9 | 23.00 | 111.00 | 134.00 | NOTE | |
| r-oldrel-windows-x86_64 | 1.4.9 | 29.00 | 195.00 | 224.00 | NOTE | 
Version: 1.4.9
Check: CRAN incoming feasibility
Result: NOTE
  Maintainer: ‘Torsten Schoeps <torsten.schoeps@bioinf.med.uni-goettingen.de>’
  
  No Authors@R field in DESCRIPTION.
  Please add one, modifying
    Authors@R: c(person(given = c("Heiko", "Mannsperger", "with", "contributions", "of", "Stephan"),
                        family = "Gade",
                        role = "aut"),
                 person(given = "Torsten",
                        family = "Schoeps",
                        role = "cre",
                        email = "torsten.schoeps@bioinf.med.uni-goettingen.de"))
  as necessary.
Flavors: r-devel-linux-x86_64-debian-clang, r-devel-linux-x86_64-debian-gcc
Version: 1.4.9
Check: installed package size
Result: NOTE
    installed size is  5.4Mb
    sub-directories of 1Mb or more:
      extdata   4.5Mb
Flavors: r-oldrel-macos-arm64, r-oldrel-macos-x86_64, r-oldrel-windows-x86_64