Last updated on 2025-11-03 07:48:50 CET.
| Flavor | Version | Tinstall | Tcheck | Ttotal | Status | Flags | 
|---|---|---|---|---|---|---|
| r-devel-linux-x86_64-debian-clang | 0.2.1 | 37.90 | 420.53 | 458.43 | OK | |
| r-devel-linux-x86_64-debian-gcc | 0.2.1 | 26.46 | 305.07 | 331.53 | OK | |
| r-devel-linux-x86_64-fedora-clang | 0.2.1 | 201.00 | 588.80 | 789.80 | OK | |
| r-devel-linux-x86_64-fedora-gcc | 0.2.1 | 244.00 | 530.51 | 774.51 | OK | |
| r-devel-windows-x86_64 | 0.2.1 | 36.00 | 387.00 | 423.00 | OK | |
| r-patched-linux-x86_64 | 0.2.1 | 0.37 | 1.89 | 2.26 | ERROR | |
| r-release-linux-x86_64 | 0.2.1 | 34.32 | 404.42 | 438.74 | OK | |
| r-release-macos-arm64 | 0.2.1 | 14.00 | 152.00 | 166.00 | OK | |
| r-release-macos-x86_64 | 0.2.1 | 40.00 | 364.00 | 404.00 | OK | |
| r-release-windows-x86_64 | 0.2.1 | 36.00 | 369.00 | 405.00 | OK | |
| r-oldrel-macos-arm64 | 0.2.1 | 16.00 | 146.00 | 162.00 | OK | |
| r-oldrel-macos-x86_64 | 0.2.1 | 65.00 | 459.00 | 524.00 | NOTE | |
| r-oldrel-windows-x86_64 | 0.2.1 | 50.00 | 494.00 | 544.00 | OK | 
Version: 0.2.1
Check: package dependencies
Result: ERROR
  Packages required but not available:
    'ensembldb', 'DESeq2', 'SummarizedExperiment'
  
  Packages suggested but not available for checking: 'recount3', 'apeglm'
  
  See section ‘The DESCRIPTION file’ in the ‘Writing R Extensions’
  manual.
Flavor: r-patched-linux-x86_64
Version: 0.2.1
Check: installed package size
Result: NOTE
    installed size is  5.5Mb
    sub-directories of 1Mb or more:
      data   3.0Mb
      doc    2.3Mb
Flavor: r-oldrel-macos-x86_64