CRAN Package Check Results for Package RM2006

Last updated on 2025-11-17 07:49:51 CET.

Flavor Version Tinstall Tcheck Ttotal Status Flags
r-devel-linux-x86_64-debian-clang 0.1.1 1.55 17.44 18.99 NOTE
r-devel-linux-x86_64-debian-gcc 0.1.1 1.34 14.77 16.11 NOTE
r-devel-linux-x86_64-fedora-clang 0.1.1 27.93 OK
r-devel-linux-x86_64-fedora-gcc 0.1.1 27.01 OK
r-devel-windows-x86_64 0.1.1 3.00 33.00 36.00 OK
r-patched-linux-x86_64 0.1.1 1.57 16.49 18.06 OK
r-release-linux-x86_64 0.1.1 1.62 16.24 17.86 OK
r-release-macos-arm64 0.1.1 1.00 14.00 15.00 OK
r-release-macos-x86_64 0.1.1 2.00 31.00 33.00 OK
r-release-windows-x86_64 0.1.1 3.00 32.00 35.00 OK
r-oldrel-macos-arm64 0.1.1 1.00 12.00 13.00 OK
r-oldrel-macos-x86_64 0.1.1 2.00 25.00 27.00 OK
r-oldrel-windows-x86_64 0.1.1 2.00 33.00 35.00 OK

Check Details

Version: 0.1.1
Check: CRAN incoming feasibility
Result: NOTE Maintainer: ‘Carlos Trucios <ctrucios@gmail.com>’ No Authors@R field in DESCRIPTION. Please add one, modifying Authors@R: person(given = "Carlos", family = "Trucios", role = c("aut", "cre"), email = "ctrucios@gmail.com") as necessary. Flavors: r-devel-linux-x86_64-debian-clang, r-devel-linux-x86_64-debian-gcc