Last updated on 2024-07-26 07:52:01 CEST.
Flavor | Version | Tinstall | Tcheck | Ttotal | Status | Flags |
---|---|---|---|---|---|---|
r-devel-linux-x86_64-debian-clang | 0.2.4 | 6.55 | 50.21 | 56.76 | OK | |
r-devel-linux-x86_64-debian-gcc | 0.2.4 | 5.31 | 37.09 | 42.40 | NOTE | |
r-devel-linux-x86_64-fedora-clang | 0.2.4 | 68.75 | NOTE | |||
r-devel-linux-x86_64-fedora-gcc | 0.2.4 | 70.67 | OK | |||
r-devel-windows-x86_64 | 0.2.4 | 5.00 | 55.00 | 60.00 | NOTE | |
r-patched-linux-x86_64 | 0.2.4 | OK | ||||
r-release-linux-x86_64 | 0.2.4 | 6.34 | 46.89 | 53.23 | OK | |
r-release-macos-arm64 | 0.2.4 | 20.00 | OK | |||
r-release-macos-x86_64 | 0.2.4 | 33.00 | OK | |||
r-release-windows-x86_64 | 0.2.4 | 5.00 | 54.00 | 59.00 | OK | |
r-oldrel-macos-arm64 | 0.2.4 | 21.00 | OK | |||
r-oldrel-macos-x86_64 | 0.2.4 | 38.00 | OK | |||
r-oldrel-windows-x86_64 | 0.2.4 | 6.00 | 62.00 | 68.00 | OK |
Version: 0.2.4
Check: Rd cross-references
Result: NOTE
Found the following Rd file(s) with Rd \link{} targets missing package
anchors:
H2Connection-class.Rd: JDBC, JDBCDriver-class
Please provide package anchors for all Rd \link{} targets not in the
package itself and the base packages.
Flavors: r-devel-linux-x86_64-debian-gcc, r-devel-windows-x86_64
Version: 0.2.4
Check: Rd cross-references
Result: NOTE
Undeclared package ‘DBI’ in Rd xrefs
Flavor: r-devel-linux-x86_64-fedora-clang