Last updated on 2025-07-01 07:50:22 CEST.
Flavor | Version | Tinstall | Tcheck | Ttotal | Status | Flags |
---|---|---|---|---|---|---|
r-devel-linux-x86_64-debian-clang | 1.8-2 | 169.97 | 204.70 | 374.67 | OK | |
r-devel-linux-x86_64-debian-gcc | 1.8-2 | 146.83 | 151.88 | 298.71 | OK | |
r-devel-linux-x86_64-fedora-clang | 1.8-2 | 632.15 | OK | |||
r-devel-linux-x86_64-fedora-gcc | 1.8-2 | 661.88 | OK | |||
r-devel-windows-x86_64 | 1.8-2 | 180.00 | 0.00 | 180.00 | FAIL | |
r-patched-linux-x86_64 | OK | |||||
r-release-linux-x86_64 | 1.8-2 | 190.55 | 212.20 | 402.75 | OK | |
r-release-macos-arm64 | 1.8-2 | 155.00 | OK | |||
r-release-macos-x86_64 | 1.8-2 | 377.00 | OK | |||
r-release-windows-x86_64 | 1.8-2 | 178.00 | 236.00 | 414.00 | OK | |
r-oldrel-macos-arm64 | 1.8-2 | 173.00 | NOTE | |||
r-oldrel-macos-x86_64 | 1.8-2 | 354.00 | NOTE | |||
r-oldrel-windows-x86_64 | 1.8-2 | 207.00 | 310.00 | 517.00 | NOTE |
Version: 1.8-2
Check: PDF version of manual
Result: FAIL
Check process probably crashed or hung up for 20 minutes ... killed
Most likely this happened in the example checks (?),
if not, ignore the following last lines of example output:
> plot(nm)
> rnMix <- robustify(nm, weight = 0.1, mean = 0, sigma = 2)
> rnMix
Univariate normal mixture
Reference scale: 2
Mixture Components:
inf1 inf2 robust
w 0.18 0.72 0.10
m 0.50 2.00 0.00
s 0.70 1.00 2.00
> plot(rnMix)
>
>
>
>
> ### * <FOOTER>
> ###
> cleanEx()
> options(digits = 7L)
> base::cat("Time elapsed: ", proc.time() - base::get("ptime", pos = 'CheckExEnv'),"\n")
Time elapsed: 26.65 0.91 27.57 NA NA
> grDevices::dev.off()
null device
1
> ###
> ### Local variables: ***
> ### mode: outline-minor ***
> ### outline-regexp: "\\(> \\)?### [*]+" ***
> ### End: ***
> quit('no')
======== End of example output (where/before crash/hang up occured ?) ========
Flavor: r-devel-windows-x86_64
Version: 1.8-2
Check: installed package size
Result: NOTE
installed size is 65.2Mb
sub-directories of 1Mb or more:
libs 63.9Mb
Flavors: r-oldrel-macos-arm64, r-oldrel-macos-x86_64
Version: 1.8-2
Check: for GNU extensions in Makefiles
Result: NOTE
GNU make is a SystemRequirements.
Flavors: r-oldrel-macos-arm64, r-oldrel-macos-x86_64, r-oldrel-windows-x86_64