Last updated on 2024-05-11 07:51:40 CEST.
Flavor | Version | Tinstall | Tcheck | Ttotal | Status | Flags |
---|---|---|---|---|---|---|
r-devel-linux-x86_64-debian-clang | 0.1.3 | 10.04 | 158.04 | 168.08 | OK | |
r-devel-linux-x86_64-debian-gcc | 0.1.3 | 7.68 | 112.70 | 120.38 | OK | |
r-devel-linux-x86_64-fedora-clang | 0.1.3 | 200.56 | NOTE | |||
r-devel-linux-x86_64-fedora-gcc | 0.1.3 | 248.93 | NOTE | |||
r-devel-windows-x86_64 | 0.1.3 | 12.00 | 125.00 | 137.00 | OK | |
r-patched-linux-x86_64 | 0.1.3 | 15.50 | 149.24 | 164.74 | OK | |
r-release-linux-x86_64 | 0.1.3 | 8.80 | 150.02 | 158.82 | OK | |
r-release-macos-arm64 | 0.1.3 | 57.00 | OK | |||
r-release-windows-x86_64 | 0.1.3 | 13.00 | 121.00 | 134.00 | OK | |
r-oldrel-macos-arm64 | 0.1.3 | 62.00 | OK | |||
r-oldrel-macos-x86_64 | 0.1.3 | 110.00 | OK | |||
r-oldrel-windows-x86_64 | 0.1.3 | 16.00 | 154.00 | 170.00 | OK |
Version: 0.1.3
Check: dependencies in R code
Result: NOTE
Namespace in Imports field not imported from: ‘testthat’
All declared Imports should be used.
Flavors: r-devel-linux-x86_64-fedora-clang, r-devel-linux-x86_64-fedora-gcc