Last updated on 2025-02-17 07:50:43 CET.
Flavor | Version | Tinstall | Tcheck | Ttotal | Status | Flags |
---|---|---|---|---|---|---|
r-devel-linux-x86_64-debian-clang | 0.2.3 | 5.15 | 45.26 | 50.41 | OK | |
r-devel-linux-x86_64-debian-gcc | 0.2.3 | 3.84 | 33.74 | 37.58 | OK | |
r-devel-linux-x86_64-fedora-clang | 0.2.3 | 88.79 | OK | |||
r-devel-linux-x86_64-fedora-gcc | 0.2.3 | 78.36 | OK | |||
r-devel-macos-arm64 | 0.2.3 | 27.00 | OK | |||
r-devel-macos-x86_64 | 0.2.3 | 50.00 | OK | |||
r-devel-windows-x86_64 | 0.2.3 | 7.00 | 67.00 | 74.00 | OK | |
r-patched-linux-x86_64 | 0.2.3 | 4.95 | 41.39 | 46.34 | NOTE | |
r-release-linux-x86_64 | 0.2.3 | 4.66 | 42.17 | 46.83 | NOTE | |
r-release-macos-arm64 | 0.2.3 | 28.00 | NOTE | |||
r-release-macos-x86_64 | 0.2.3 | 39.00 | NOTE | |||
r-release-windows-x86_64 | 0.2.3 | 7.00 | 66.00 | 73.00 | NOTE | |
r-oldrel-macos-arm64 | 0.2.3 | 28.00 | NOTE | |||
r-oldrel-macos-x86_64 | 0.2.3 | 38.00 | NOTE | |||
r-oldrel-windows-x86_64 | 0.2.3 | 9.00 | 77.00 | 86.00 | NOTE |
Version: 0.2.3
Check: LazyData
Result: NOTE
'LazyData' is specified without a 'data' directory
Flavors: r-patched-linux-x86_64, r-release-linux-x86_64, r-release-macos-arm64, r-release-macos-x86_64, r-release-windows-x86_64, r-oldrel-macos-arm64, r-oldrel-macos-x86_64, r-oldrel-windows-x86_64