Last updated on 2024-05-11 07:51:39 CEST.
Flavor | Version | Tinstall | Tcheck | Ttotal | Status | Flags |
---|---|---|---|---|---|---|
r-devel-linux-x86_64-debian-clang | 0.2.3 | 6.28 | 57.78 | 64.06 | NOTE | |
r-devel-linux-x86_64-debian-gcc | 0.2.3 | 5.11 | 42.94 | 48.05 | NOTE | |
r-devel-linux-x86_64-fedora-clang | 0.2.3 | 80.37 | NOTE | |||
r-devel-linux-x86_64-fedora-gcc | 0.2.3 | 125.14 | NOTE | |||
r-devel-windows-x86_64 | 0.2.3 | 8.00 | 62.00 | 70.00 | NOTE | |
r-patched-linux-x86_64 | 0.2.3 | 7.03 | 54.50 | 61.53 | NOTE | |
r-release-linux-x86_64 | 0.2.3 | 6.26 | 53.36 | 59.62 | NOTE | |
r-release-macos-arm64 | 0.2.3 | 28.00 | NOTE | |||
r-release-windows-x86_64 | 0.2.3 | 8.00 | 60.00 | 68.00 | NOTE | |
r-oldrel-macos-arm64 | 0.2.3 | 28.00 | NOTE | |||
r-oldrel-macos-x86_64 | 0.2.3 | 38.00 | NOTE | |||
r-oldrel-windows-x86_64 | 0.2.3 | 10.00 | 69.00 | 79.00 | NOTE |
Version: 0.2.3
Check: LazyData
Result: NOTE
'LazyData' is specified without a 'data' directory
Flavors: r-devel-linux-x86_64-debian-clang, r-devel-linux-x86_64-debian-gcc, r-devel-linux-x86_64-fedora-clang, r-devel-linux-x86_64-fedora-gcc, r-devel-windows-x86_64, r-patched-linux-x86_64, r-release-linux-x86_64, r-release-macos-arm64, r-release-windows-x86_64, r-oldrel-macos-arm64, r-oldrel-macos-x86_64, r-oldrel-windows-x86_64