Last updated on 2025-06-19 07:49:29 CEST.
Flavor | Version | Tinstall | Tcheck | Ttotal | Status | Flags |
---|---|---|---|---|---|---|
r-devel-linux-x86_64-debian-clang | 3.23 | 24.27 | 105.93 | 130.20 | OK | |
r-devel-linux-x86_64-debian-gcc | 3.23 | 16.89 | 65.41 | 82.30 | OK | |
r-devel-linux-x86_64-fedora-clang | 3.23 | 196.39 | OK | |||
r-devel-linux-x86_64-fedora-gcc | 3.23 | 209.90 | OK | |||
r-devel-windows-x86_64 | 3.23 | 33.00 | 121.00 | 154.00 | OK | |
r-patched-linux-x86_64 | 3.23 | 22.78 | 100.07 | 122.85 | OK | |
r-release-linux-x86_64 | 3.23 | 21.47 | 99.95 | 121.42 | OK | |
r-release-macos-arm64 | 3.23 | 60.00 | OK | |||
r-release-macos-x86_64 | 3.23 | 117.00 | OK | |||
r-release-windows-x86_64 | 3.23 | 33.00 | 120.00 | 153.00 | OK | |
r-oldrel-macos-arm64 | 3.23 | 55.00 | NOTE | |||
r-oldrel-macos-x86_64 | 3.23 | 104.00 | NOTE | |||
r-oldrel-windows-x86_64 | 3.23 | 46.00 | 151.00 | 197.00 | NOTE |
Version: 3.23
Check: installed package size
Result: NOTE
installed size is 5.9Mb
sub-directories of 1Mb or more:
gui 1.6Mb
staticdocs 3.3Mb
Flavors: r-oldrel-macos-arm64, r-oldrel-macos-x86_64, r-oldrel-windows-x86_64