Last updated on 2025-06-30 07:49:28 CEST.
Flavor | Version | Tinstall | Tcheck | Ttotal | Status | Flags |
---|---|---|---|---|---|---|
r-devel-linux-x86_64-debian-clang | 1.0.4.6 | 1976.99 | 197.98 | 2174.97 | OK | |
r-devel-linux-x86_64-debian-gcc | 1.0.4.6 | 1805.11 | 282.03 | 2087.14 | OK | |
r-devel-linux-x86_64-fedora-clang | 1.0.4.6 | 3229.82 | OK | |||
r-devel-linux-x86_64-fedora-gcc | 1.0.4.6 | 3494.46 | OK | |||
r-devel-windows-x86_64 | 1.0.4.6 | 2131.00 | 413.00 | 2544.00 | OK | |
r-patched-linux-x86_64 | OK | |||||
r-release-linux-x86_64 | 1.0.4.6 | 2287.75 | 390.16 | 2677.91 | OK | |
r-release-macos-arm64 | 1.0.4.6 | 852.00 | OK | |||
r-release-macos-x86_64 | 1.0.4.6 | 798.00 | OK | |||
r-release-windows-x86_64 | 1.0.4.6 | 2019.00 | 387.00 | 2406.00 | OK | |
r-oldrel-macos-arm64 | 1.0.4.6 | 684.00 | NOTE | |||
r-oldrel-macos-x86_64 | 1.0.4.6 | 902.00 | NOTE | |||
r-oldrel-windows-x86_64 | 1.0.4.6 | 2378.00 | 463.00 | 2841.00 | NOTE |
Version: 1.0.4.6
Check: installed package size
Result: NOTE
installed size is 227.0Mb
sub-directories of 1Mb or more:
libs 225.8Mb
Flavors: r-oldrel-macos-arm64, r-oldrel-macos-x86_64, r-oldrel-windows-x86_64
Version: 1.0.4.6
Check: for GNU extensions in Makefiles
Result: NOTE
GNU make is a SystemRequirements.
Flavors: r-oldrel-macos-arm64, r-oldrel-macos-x86_64, r-oldrel-windows-x86_64