Last updated on 2025-02-17 07:50:43 CET.
Flavor | Version | Tinstall | Tcheck | Ttotal | Status | Flags |
---|---|---|---|---|---|---|
r-devel-linux-x86_64-debian-clang | 0.1.0 | 1.61 | 16.19 | 17.80 | OK | |
r-devel-linux-x86_64-debian-gcc | 0.1.0 | 1.41 | 13.31 | 14.72 | OK | |
r-devel-linux-x86_64-fedora-clang | 0.1.0 | 30.54 | NOTE | |||
r-devel-linux-x86_64-fedora-gcc | 0.1.0 | 28.69 | NOTE | |||
r-devel-macos-arm64 | 0.1.0 | 17.00 | OK | |||
r-devel-macos-x86_64 | 0.1.0 | 22.00 | OK | |||
r-devel-windows-x86_64 | 0.1.0 | 3.00 | 39.00 | 42.00 | OK | |
r-patched-linux-x86_64 | 0.1.0 | 1.59 | 15.67 | 17.26 | OK | |
r-release-linux-x86_64 | 0.1.0 | 1.48 | 15.84 | 17.32 | OK | |
r-release-macos-arm64 | 0.1.0 | 18.00 | OK | |||
r-release-macos-x86_64 | 0.1.0 | 20.00 | OK | |||
r-release-windows-x86_64 | 0.1.0 | 3.00 | 38.00 | 41.00 | OK | |
r-oldrel-macos-arm64 | 0.1.0 | 15.00 | OK | |||
r-oldrel-macos-x86_64 | 0.1.0 | 18.00 | OK | |||
r-oldrel-windows-x86_64 | 0.1.0 | 3.00 | 67.00 | 70.00 | OK |
Version: 0.1.0
Check: dependencies in R code
Result: NOTE
Namespace in Imports field not imported from: ‘ggplot2’
All declared Imports should be used.
Flavors: r-devel-linux-x86_64-fedora-clang, r-devel-linux-x86_64-fedora-gcc