Last updated on 2025-02-17 07:50:43 CET.
Flavor | Version | Tinstall | Tcheck | Ttotal | Status | Flags |
---|---|---|---|---|---|---|
r-devel-linux-x86_64-debian-clang | 0.0.3 | 1.57 | 25.50 | 27.07 | OK | |
r-devel-linux-x86_64-debian-gcc | 0.0.3 | 1.27 | 19.49 | 20.76 | OK | |
r-devel-linux-x86_64-fedora-clang | 0.0.3 | 47.81 | NOTE | |||
r-devel-linux-x86_64-fedora-gcc | 0.0.3 | 57.80 | NOTE | |||
r-devel-macos-arm64 | 0.0.3 | 24.00 | OK | |||
r-devel-macos-x86_64 | 0.0.3 | 40.00 | OK | |||
r-devel-windows-x86_64 | 0.0.3 | 5.00 | 54.00 | 59.00 | OK | |
r-patched-linux-x86_64 | 0.0.3 | 2.12 | 23.91 | 26.03 | OK | |
r-release-linux-x86_64 | 0.0.3 | 1.63 | 23.94 | 25.57 | OK | |
r-release-macos-arm64 | 0.0.3 | 25.00 | OK | |||
r-release-macos-x86_64 | 0.0.3 | 33.00 | OK | |||
r-release-windows-x86_64 | 0.0.3 | 4.00 | 46.00 | 50.00 | OK | |
r-oldrel-macos-arm64 | 0.0.3 | 26.00 | OK | |||
r-oldrel-macos-x86_64 | 0.0.3 | 36.00 | OK | |||
r-oldrel-windows-x86_64 | 0.0.3 | 5.00 | 71.00 | 76.00 | OK |
Version: 0.0.3
Check: dependencies in R code
Result: NOTE
Namespaces in Imports field not imported from:
‘dplyr’ ‘methods’ ‘numDeriv’ ‘tidyr’
All declared Imports should be used.
Flavors: r-devel-linux-x86_64-fedora-clang, r-devel-linux-x86_64-fedora-gcc