CRAN Package Check Results for Package PortfolioOptim

Last updated on 2025-02-19 07:53:55 CET.

Flavor Version Tinstall Tcheck Ttotal Status Flags
r-devel-linux-x86_64-debian-clang 1.1.1 2.35 22.52 24.87 OK
r-devel-linux-x86_64-debian-gcc 1.1.1 1.68 17.03 18.71 OK
r-devel-linux-x86_64-fedora-clang 1.1.1 42.90 OK
r-devel-linux-x86_64-fedora-gcc 1.1.1 38.95 OK
r-devel-macos-arm64 1.1.1 17.00 OK
r-devel-macos-x86_64 1.1.1 28.00 OK
r-devel-windows-x86_64 1.1.1 3.00 42.00 45.00 OK
r-patched-linux-x86_64 1.1.1 2.50 21.19 23.69 NOTE
r-release-linux-x86_64 1.1.1 2.06 21.10 23.16 NOTE
r-release-macos-arm64 1.1.1 17.00 NOTE
r-release-macos-x86_64 1.1.1 22.00 NOTE
r-release-windows-x86_64 1.1.1 3.00 43.00 46.00 NOTE
r-oldrel-macos-arm64 1.1.1 19.00 NOTE
r-oldrel-macos-x86_64 1.1.1 24.00 NOTE
r-oldrel-windows-x86_64 1.1.1 4.00 51.00 55.00 NOTE

Check Details

Version: 1.1.1
Check: LazyData
Result: NOTE 'LazyData' is specified without a 'data' directory Flavors: r-patched-linux-x86_64, r-release-linux-x86_64, r-release-macos-arm64, r-release-macos-x86_64, r-release-windows-x86_64, r-oldrel-macos-arm64, r-oldrel-macos-x86_64, r-oldrel-windows-x86_64