Last updated on 2024-07-26 07:51:58 CEST.
Flavor | Version | Tinstall | Tcheck | Ttotal | Status | Flags |
---|---|---|---|---|---|---|
r-devel-linux-x86_64-debian-clang | 1.4.3 | 16.88 | 140.85 | 157.73 | OK | |
r-devel-linux-x86_64-debian-gcc | 1.4.3 | 12.47 | 100.88 | 113.35 | OK | |
r-devel-linux-x86_64-fedora-clang | 1.4.3 | 214.51 | NOTE | |||
r-devel-linux-x86_64-fedora-gcc | 1.4.3 | 220.33 | NOTE | |||
r-devel-windows-x86_64 | 1.4.3 | 21.00 | 193.00 | 214.00 | OK | |
r-patched-linux-x86_64 | 1.4.3 | OK | ||||
r-release-linux-x86_64 | 1.4.3 | 15.97 | 132.92 | 148.89 | OK | |
r-release-macos-arm64 | 1.4.3 | 62.00 | OK | |||
r-release-macos-x86_64 | 1.4.3 | 95.00 | OK | |||
r-release-windows-x86_64 | 1.4.3 | 23.00 | 203.00 | 226.00 | OK | |
r-oldrel-macos-arm64 | 1.4.3 | 68.00 | OK | |||
r-oldrel-macos-x86_64 | 1.4.3 | 108.00 | OK | |||
r-oldrel-windows-x86_64 | 1.4.3 | 23.00 | 202.00 | 225.00 | OK |
Version: 1.4.3
Check: dependencies in R code
Result: NOTE
Namespace in Imports field not imported from: ‘dplyr’
All declared Imports should be used.
Flavors: r-devel-linux-x86_64-fedora-clang, r-devel-linux-x86_64-fedora-gcc