Last updated on 2024-05-13 07:50:11 CEST.
Flavor | Version | Tinstall | Tcheck | Ttotal | Status | Flags |
---|---|---|---|---|---|---|
r-devel-linux-x86_64-debian-clang | 0.2-4 | 4.58 | 79.40 | 83.98 | NOTE | |
r-devel-linux-x86_64-debian-gcc | 0.2-4 | 2.22 | 72.62 | 74.84 | NOTE | |
r-devel-linux-x86_64-fedora-clang | 0.2-4 | 105.17 | NOTE | |||
r-devel-linux-x86_64-fedora-gcc | 0.2-4 | 121.75 | NOTE | |||
r-devel-windows-x86_64 | 0.2-4 | 4.00 | 113.00 | 117.00 | NOTE | |
r-patched-linux-x86_64 | 0.2-4 | 4.33 | 95.97 | 100.30 | NOTE | |
r-release-linux-x86_64 | 0.2-4 | 3.26 | 93.13 | 96.39 | NOTE | |
r-release-macos-arm64 | 0.2-4 | 59.00 | NOTE | |||
r-release-windows-x86_64 | 0.2-4 | 5.00 | 113.00 | 118.00 | NOTE | |
r-oldrel-macos-arm64 | 0.2-4 | 63.00 | OK | |||
r-oldrel-macos-x86_64 | 0.2-4 | 117.00 | OK | |||
r-oldrel-windows-x86_64 | 0.2-4 | 5.00 | 131.00 | 136.00 | OK |
Version: 0.2-4
Check: Rd files
Result: NOTE
checkRd: (-1) pa-internal.Rd:11: Lost braces
11 | code{l2df}: convert list to data.frame
| ^
checkRd: (-1) pa-internal.Rd:14: Lost braces
14 | code{convertTZ}: force a new timezone on datetime
| ^
checkRd: (-1) pa-internal.Rd:16: Lost braces
16 | code{createTime}: create datetime variable
| ^
checkRd: (-1) pa-internal.Rd:18: Lost braces
18 | code{addDayIndex}: create ID_day variable from timestamp
| ^
Flavors: r-devel-linux-x86_64-debian-clang, r-devel-linux-x86_64-debian-gcc, r-devel-linux-x86_64-fedora-clang, r-devel-linux-x86_64-fedora-gcc, r-devel-windows-x86_64, r-patched-linux-x86_64, r-release-linux-x86_64, r-release-macos-arm64, r-release-windows-x86_64