Last updated on 2025-10-31 07:51:53 CET.
| Flavor | Version | Tinstall | Tcheck | Ttotal | Status | Flags | 
|---|---|---|---|---|---|---|
| r-devel-linux-x86_64-debian-clang | 2024.1.24 | 2.61 | 25.62 | 28.23 | NOTE | |
| r-devel-linux-x86_64-debian-gcc | 2024.1.24 | 2.03 | 20.48 | 22.51 | NOTE | |
| r-devel-linux-x86_64-fedora-clang | 2024.1.24 | 42.16 | OK | |||
| r-devel-linux-x86_64-fedora-gcc | 2024.1.24 | 40.41 | OK | |||
| r-devel-windows-x86_64 | 2024.1.24 | 5.00 | 48.00 | 53.00 | OK | |
| r-patched-linux-x86_64 | 2024.1.24 | 2.73 | 24.46 | 27.19 | OK | |
| r-release-linux-x86_64 | 2024.1.24 | 2.53 | 24.26 | 26.79 | OK | |
| r-release-macos-arm64 | 2024.1.24 | 2.00 | 16.00 | 18.00 | OK | |
| r-release-macos-x86_64 | 2024.1.24 | 4.00 | 25.00 | 29.00 | OK | |
| r-release-windows-x86_64 | 2024.1.24 | 7.00 | 51.00 | 58.00 | OK | |
| r-oldrel-macos-arm64 | 2024.1.24 | 2.00 | 16.00 | 18.00 | OK | |
| r-oldrel-macos-x86_64 | 2024.1.24 | 3.00 | 25.00 | 28.00 | OK | |
| r-oldrel-windows-x86_64 | 2024.1.24 | 9.00 | 56.00 | 65.00 | OK | 
Version: 2024.1.24
Check: CRAN incoming feasibility
Result: NOTE
  Maintainer: ‘Toby Dylan Hocking <toby.hocking@r-project.org>’
  
  No Authors@R field in DESCRIPTION.
  Please add one, modifying
    Authors@R: c(person(given = c("Toby", "Dylan"),
                        family = "Hocking",
                        role = c("aut", "cre"),
                        email = "toby.hocking@r-project.org"),
                 person(given = "Guillem",
                        family = "Rigaill",
                        role = "aut"))
  as necessary.
Flavors: r-devel-linux-x86_64-debian-clang, r-devel-linux-x86_64-debian-gcc