Last updated on 2025-02-17 07:50:42 CET.
Flavor | Version | Tinstall | Tcheck | Ttotal | Status | Flags |
---|---|---|---|---|---|---|
r-devel-linux-x86_64-debian-clang | 1.0.4 | 275.50 | 109.37 | 384.87 | OK | |
r-devel-linux-x86_64-debian-gcc | 1.0.4 | 212.35 | 85.07 | 297.42 | OK | |
r-devel-linux-x86_64-fedora-clang | 1.0.4 | 742.21 | OK | |||
r-devel-linux-x86_64-fedora-gcc | 1.0.4 | 787.99 | OK | |||
r-devel-macos-arm64 | 1.0.4 | 178.00 | OK | |||
r-devel-macos-x86_64 | 1.0.4 | 186.00 | ERROR | |||
r-devel-windows-x86_64 | 1.0.4 | 262.00 | 203.00 | 465.00 | OK | |
r-patched-linux-x86_64 | 1.0.4 | 285.75 | 110.34 | 396.09 | OK | |
r-release-linux-x86_64 | 1.0.4 | 280.27 | 109.56 | 389.83 | OK | |
r-release-macos-arm64 | 1.0.4 | 188.00 | NOTE | |||
r-release-macos-x86_64 | 1.0.4 | 183.00 | NOTE | |||
r-release-windows-x86_64 | 1.0.4 | 267.00 | 202.00 | 469.00 | NOTE | |
r-oldrel-macos-arm64 | 1.0.4 | 187.00 | NOTE | |||
r-oldrel-macos-x86_64 | 1.0.4 | 240.00 | NOTE | |||
r-oldrel-windows-x86_64 | 1.0.4 | 336.00 | 227.00 | 563.00 | NOTE |
Version: 1.0.4
Check: re-building of vignette outputs
Result: ERROR
Error(s) in re-building vignettes:
--- re-building ‘PartialNetwork_vignette.Rmd’ using rmarkdown
Quitting from lines 39-72 [IV1] (PartialNetwork_vignette.Rmd)
Error: processing vignette 'PartialNetwork_vignette.Rmd' failed with diagnostics:
there is no package called 'CDatanet'
--- failed re-building ‘PartialNetwork_vignette.Rmd’
SUMMARY: processing the following file failed:
‘PartialNetwork_vignette.Rmd’
Error: Vignette re-building failed.
Execution halted
Flavor: r-devel-macos-x86_64
Version: 1.0.4
Check: installed package size
Result: NOTE
installed size is 46.4Mb
sub-directories of 1Mb or more:
doc 3.1Mb
libs 43.0Mb
Flavors: r-release-macos-arm64, r-release-macos-x86_64, r-release-windows-x86_64, r-oldrel-macos-arm64, r-oldrel-macos-x86_64, r-oldrel-windows-x86_64