Last updated on 2025-02-11 07:48:31 CET.
Flavor | Version | Tinstall | Tcheck | Ttotal | Status | Flags |
---|---|---|---|---|---|---|
r-devel-linux-x86_64-debian-clang | 2.0 | 1.51 | 17.79 | 19.30 | NOTE | |
r-devel-linux-x86_64-debian-gcc | 2.0 | 1.40 | 14.96 | 16.36 | NOTE | |
r-devel-linux-x86_64-fedora-clang | 2.0 | 30.85 | NOTE | |||
r-devel-linux-x86_64-fedora-gcc | 2.0 | 29.07 | NOTE | |||
r-devel-windows-x86_64 | 2.0 | 4.00 | 41.00 | 45.00 | NOTE | |
r-patched-linux-x86_64 | 2.0 | 1.49 | 16.77 | 18.26 | NOTE | |
r-release-linux-x86_64 | 2.0 | 1.59 | 16.80 | 18.39 | NOTE | |
r-release-macos-arm64 | 2.0 | 16.00 | NOTE | |||
r-release-macos-x86_64 | 2.0 | 20.00 | NOTE | |||
r-release-windows-x86_64 | 2.0 | 2.00 | 40.00 | 42.00 | NOTE | |
r-oldrel-macos-arm64 | 2.0 | 17.00 | NOTE | |||
r-oldrel-macos-x86_64 | 2.0 | 24.00 | NOTE | |||
r-oldrel-windows-x86_64 | 2.0 | 2.00 | 40.00 | 42.00 | NOTE |
Version: 2.0
Check: DESCRIPTION meta-information
Result: NOTE
Malformed Description field: should contain one or more complete sentences.
Flavors: r-devel-linux-x86_64-debian-clang, r-devel-linux-x86_64-debian-gcc, r-devel-linux-x86_64-fedora-clang, r-devel-linux-x86_64-fedora-gcc, r-devel-windows-x86_64, r-patched-linux-x86_64, r-release-linux-x86_64, r-release-macos-arm64, r-release-macos-x86_64, r-release-windows-x86_64, r-oldrel-macos-arm64, r-oldrel-macos-x86_64, r-oldrel-windows-x86_64