Last updated on 2024-07-26 07:51:59 CEST.
Flavor | Version | Tinstall | Tcheck | Ttotal | Status | Flags |
---|---|---|---|---|---|---|
r-devel-linux-x86_64-debian-clang | 3.2.5 | 201.59 | 126.18 | 327.77 | OK | |
r-devel-linux-x86_64-debian-gcc | 3.2.5 | 155.01 | 101.10 | 256.11 | OK | |
r-devel-linux-x86_64-fedora-clang | 3.2.5 | 465.13 | OK | |||
r-devel-linux-x86_64-fedora-gcc | 3.2.5 | 534.48 | OK | |||
r-devel-windows-x86_64 | 3.2.5 | 148.00 | 135.00 | 283.00 | OK | |
r-patched-linux-x86_64 | 3.2.5 | OK | ||||
r-release-linux-x86_64 | 3.2.5 | 177.71 | 129.22 | 306.93 | OK | |
r-release-macos-arm64 | 3.2.5 | 122.00 | NOTE | |||
r-release-macos-x86_64 | 3.2.5 | 130.00 | NOTE | |||
r-release-windows-x86_64 | 3.2.5 | 162.00 | 132.00 | 294.00 | OK | |
r-oldrel-macos-arm64 | 3.2.5 | 165.00 | NOTE | |||
r-oldrel-macos-x86_64 | 3.2.5 | 166.00 | NOTE | |||
r-oldrel-windows-x86_64 | 3.2.5 | 176.00 | 166.00 | 342.00 | OK |
Version: 3.2.5
Check: installed package size
Result: NOTE
installed size is 40.9Mb
sub-directories of 1Mb or more:
libs 40.4Mb
Flavors: r-release-macos-arm64, r-release-macos-x86_64, r-oldrel-macos-arm64, r-oldrel-macos-x86_64