CRAN Package Check Results for Package PTwins

Last updated on 2025-02-11 07:48:32 CET.

Flavor Version Tinstall Tcheck Ttotal Status Flags
r-devel-linux-x86_64-debian-clang 0.1.1 1.66 15.95 17.61 OK
r-devel-linux-x86_64-debian-gcc 0.1.1 1.34 13.16 14.50 OK
r-devel-linux-x86_64-fedora-clang 0.1.1 29.18 OK
r-devel-linux-x86_64-fedora-gcc 0.1.1 26.52 OK
r-devel-windows-x86_64 0.1.1 4.00 34.00 38.00 OK
r-patched-linux-x86_64 0.1.1 1.53 15.03 16.56 NOTE
r-release-linux-x86_64 0.1.1 1.54 15.03 16.57 NOTE
r-release-macos-arm64 0.1.1 15.00 NOTE
r-release-macos-x86_64 0.1.1 20.00 NOTE
r-release-windows-x86_64 0.1.1 2.00 33.00 35.00 NOTE
r-oldrel-macos-arm64 0.1.1 19.00 NOTE
r-oldrel-macos-x86_64 0.1.1 18.00 NOTE
r-oldrel-windows-x86_64 0.1.1 4.00 33.00 37.00 NOTE

Check Details

Version: 0.1.1
Check: LazyData
Result: NOTE 'LazyData' is specified without a 'data' directory Flavors: r-patched-linux-x86_64, r-release-linux-x86_64, r-release-macos-arm64, r-release-macos-x86_64, r-release-windows-x86_64, r-oldrel-macos-arm64, r-oldrel-macos-x86_64, r-oldrel-windows-x86_64