Last updated on 2025-11-03 07:48:47 CET.
| Flavor | Version | Tinstall | Tcheck | Ttotal | Status | Flags | 
|---|---|---|---|---|---|---|
| r-devel-linux-x86_64-debian-clang | 1.1 | 4.24 | 21.14 | 25.38 | NOTE | |
| r-devel-linux-x86_64-debian-gcc | 1.1 | 2.97 | 17.46 | 20.43 | NOTE | |
| r-devel-linux-x86_64-fedora-clang | 1.1 | 39.11 | NOTE | |||
| r-devel-linux-x86_64-fedora-gcc | 1.1 | 28.00 | 10.20 | 38.20 | NOTE | |
| r-devel-windows-x86_64 | 1.1 | 7.00 | 40.00 | 47.00 | NOTE | |
| r-patched-linux-x86_64 | 1.1 | 3.60 | 20.16 | 23.76 | NOTE | |
| r-release-linux-x86_64 | 1.1 | 3.66 | 20.41 | 24.07 | NOTE | |
| r-release-macos-arm64 | 1.1 | 5.00 | 16.00 | 21.00 | NOTE | |
| r-release-macos-x86_64 | 1.1 | 5.00 | 21.00 | 26.00 | NOTE | |
| r-release-windows-x86_64 | 1.1 | 7.00 | 40.00 | 47.00 | NOTE | |
| r-oldrel-macos-arm64 | 1.1 | 5.00 | 14.00 | 19.00 | NOTE | |
| r-oldrel-macos-x86_64 | 1.1 | 4.00 | 20.00 | 24.00 | NOTE | |
| r-oldrel-windows-x86_64 | 1.1 | 6.00 | 42.00 | 48.00 | NOTE | 
Version: 1.1
Check: CRAN incoming feasibility
Result: NOTE
  Maintainer: ‘Euloge Clovis Kenne Pagui <kenne@stat.unipd.it>’
  
  No Authors@R field in DESCRIPTION.
  Please add one, modifying
    Authors@R: c(person(given = c("Euloge", "Clovis", "Kenne"),
                        family = "Pagui",
                        role = c("aut", "cre"),
                        email = "kenne@stat.unipd.it"),
                 person(given = "Antonio",
                        family = "Canale",
                        role = "aut"),
                 person(given = "Alan",
                        family = "Genz",
                        role = "ctb"),
                 person(given = "Adelchi",
                        family = "Azzalini",
                        role = "ctb"))
  as necessary.
Flavors: r-devel-linux-x86_64-debian-clang, r-devel-linux-x86_64-debian-gcc
Version: 1.1
Check: Rd files
Result: NOTE
  checkRd: (-1) PLordprob-package.Rd:22-28: Only 2 columns allowed in this table (row 5 has 1)
  checkRd: (-1) delta2a.Rd:21: Lost braces; missing escapes or markup?
      21 | delta_k = log(a_k - a_{k+1})
         |                       ^
  checkRd: (-1) ordprob.mple.Rd:29: Lost braces
      29 | logical. If code{TRUE} all the q variable are assumed to have the same mean.
         |                 ^
Flavors: r-devel-linux-x86_64-debian-clang, r-devel-linux-x86_64-debian-gcc, r-devel-linux-x86_64-fedora-clang, r-devel-linux-x86_64-fedora-gcc
Version: 1.1
Check: Rd files
Result: NOTE
  checkRd: (-1) delta2a.Rd:21: Lost braces; missing escapes or markup?
      21 | delta_k = log(a_k - a_{k+1})
         |                       ^
  checkRd: (-1) ordprob.mple.Rd:29: Lost braces
      29 | logical. If code{TRUE} all the q variable are assumed to have the same mean.
         |                 ^
Flavors: r-devel-windows-x86_64, r-patched-linux-x86_64, r-release-linux-x86_64, r-release-macos-arm64, r-release-macos-x86_64, r-release-windows-x86_64, r-oldrel-macos-arm64, r-oldrel-macos-x86_64, r-oldrel-windows-x86_64