Last updated on 2025-11-03 07:48:47 CET.
| Flavor | Version | Tinstall | Tcheck | Ttotal | Status | Flags |
|---|---|---|---|---|---|---|
| r-devel-linux-x86_64-debian-clang | 1.2.2 | 179.16 | 889.63 | 1068.79 | OK | |
| r-devel-linux-x86_64-debian-gcc | 1.2.2 | 124.30 | 540.27 | 664.57 | OK | |
| r-devel-linux-x86_64-fedora-clang | 1.2.2 | 660.00 | 1235.26 | 1895.26 | OK | |
| r-devel-linux-x86_64-fedora-gcc | 1.2.2 | 281.00 | 1427.25 | 1708.25 | OK | |
| r-devel-windows-x86_64 | 1.2.2 | 194.00 | 702.00 | 896.00 | OK | |
| r-patched-linux-x86_64 | 1.2.2 | 186.00 | 838.90 | 1024.90 | OK | |
| r-release-linux-x86_64 | 1.2.2 | 185.47 | 813.62 | 999.09 | OK | |
| r-release-macos-arm64 | 1.2.2 | 63.00 | 211.00 | 274.00 | OK | |
| r-release-macos-x86_64 | 1.2.2 | 75.00 | 310.00 | 385.00 | OK | |
| r-release-windows-x86_64 | 1.2.2 | 188.00 | 655.00 | 843.00 | NOTE | |
| r-oldrel-macos-arm64 | 1.2.2 | 61.00 | 177.00 | 238.00 | NOTE | |
| r-oldrel-macos-x86_64 | 1.2.2 | 67.00 | 286.00 | 353.00 | NOTE | |
| r-oldrel-windows-x86_64 | 1.2.2 | 229.00 | 929.00 | 1158.00 | NOTE |
Version: 1.2.2
Check: whether startup messages can be suppressed
Result: NOTE
Torch libraries are installed but loading them was unsuccessful.
It looks like this package (or a package it requires) has a startup
message which cannot be suppressed: see ?packageStartupMessage.
Flavors: r-release-windows-x86_64, r-oldrel-windows-x86_64
Version: 1.2.2
Check: installed package size
Result: NOTE
installed size is 18.5Mb
sub-directories of 1Mb or more:
data 1.4Mb
doc 2.4Mb
libs 12.9Mb
Flavors: r-oldrel-macos-arm64, r-oldrel-macos-x86_64, r-oldrel-windows-x86_64