Last updated on 2025-02-17 07:50:42 CET.
Flavor | Version | Tinstall | Tcheck | Ttotal | Status | Flags |
---|---|---|---|---|---|---|
r-devel-linux-x86_64-debian-clang | 0.1.2 | 19.12 | 1004.60 | 1023.72 | OK | |
r-devel-linux-x86_64-debian-gcc | 0.1.2 | 12.43 | 521.35 | 533.78 | OK | |
r-devel-linux-x86_64-fedora-clang | 0.1.2 | 1582.99 | OK | |||
r-devel-linux-x86_64-fedora-gcc | 0.1.2 | 1418.89 | OK | |||
r-devel-macos-arm64 | 0.1.2 | 278.00 | OK | |||
r-devel-macos-x86_64 | 0.1.2 | 767.00 | OK | |||
r-devel-windows-x86_64 | 0.1.2 | 20.00 | 666.00 | 686.00 | OK | |
r-patched-linux-x86_64 | 0.1.2 | 19.48 | 825.68 | 845.16 | OK | |
r-release-linux-x86_64 | 0.1.2 | 17.47 | 885.34 | 902.81 | OK | |
r-release-macos-arm64 | 0.1.2 | 283.00 | NOTE | |||
r-release-macos-x86_64 | 0.1.2 | 577.00 | NOTE | |||
r-release-windows-x86_64 | 0.1.2 | 21.00 | 698.00 | 719.00 | OK | |
r-oldrel-macos-arm64 | 0.1.2 | 342.00 | NOTE | |||
r-oldrel-macos-x86_64 | 0.1.2 | 734.00 | NOTE | |||
r-oldrel-windows-x86_64 | 0.1.2 | 25.00 | 942.00 | 967.00 | OK |
Version: 0.1.2
Check: installed package size
Result: NOTE
installed size is 5.1Mb
sub-directories of 1Mb or more:
data 2.1Mb
doc 2.0Mb
Flavors: r-release-macos-arm64, r-release-macos-x86_64, r-oldrel-macos-arm64, r-oldrel-macos-x86_64