Last updated on 2025-02-17 07:50:41 CET.
Flavor | Version | Tinstall | Tcheck | Ttotal | Status | Flags |
---|---|---|---|---|---|---|
r-devel-linux-x86_64-debian-clang | 1.0.2 | 4.65 | 53.78 | 58.43 | OK | |
r-devel-linux-x86_64-debian-gcc | 1.0.2 | 3.51 | 40.24 | 43.75 | OK | |
r-devel-linux-x86_64-fedora-clang | 1.0.2 | 94.56 | NOTE | |||
r-devel-linux-x86_64-fedora-gcc | 1.0.2 | 108.47 | NOTE | |||
r-devel-macos-arm64 | 1.0.2 | 37.00 | OK | |||
r-devel-macos-x86_64 | 1.0.2 | 65.00 | OK | |||
r-devel-windows-x86_64 | 1.0.2 | 6.00 | 76.00 | 82.00 | OK | |
r-patched-linux-x86_64 | 1.0.2 | 5.01 | 49.58 | 54.59 | OK | |
r-release-linux-x86_64 | 1.0.2 | 4.89 | 50.23 | 55.12 | OK | |
r-release-macos-arm64 | 1.0.2 | 39.00 | OK | |||
r-release-macos-x86_64 | 1.0.2 | 62.00 | OK | |||
r-release-windows-x86_64 | 1.0.2 | 7.00 | 67.00 | 74.00 | OK | |
r-oldrel-macos-arm64 | 1.0.2 | 43.00 | OK | |||
r-oldrel-macos-x86_64 | 1.0.2 | 58.00 | OK | |||
r-oldrel-windows-x86_64 | 1.0.2 | 9.00 | 105.00 | 114.00 | OK |
Version: 1.0.2
Check: dependencies in R code
Result: NOTE
Namespaces in Imports field not imported from:
‘caret’ ‘e1071’ ‘ggthemes’ ‘mlbench’ ‘rmarkdown’ ‘tidymodels’
All declared Imports should be used.
Flavors: r-devel-linux-x86_64-fedora-clang, r-devel-linux-x86_64-fedora-gcc