Last updated on 2025-02-20 07:53:26 CET.
Flavor | Version | Tinstall | Tcheck | Ttotal | Status | Flags |
---|---|---|---|---|---|---|
r-devel-linux-x86_64-debian-clang | 1.0.2 | 3.66 | 31.01 | 34.67 | NOTE | |
r-devel-linux-x86_64-debian-gcc | 1.0.2 | 2.84 | 21.97 | 24.81 | NOTE | |
r-devel-linux-x86_64-fedora-clang | 1.0.2 | 55.87 | OK | |||
r-devel-linux-x86_64-fedora-gcc | 1.0.2 | 56.42 | OK | |||
r-devel-macos-arm64 | 1.0.2 | 22.00 | OK | |||
r-devel-macos-x86_64 | 1.0.2 | 40.00 | OK | |||
r-devel-windows-x86_64 | 1.0.2 | 5.00 | 56.00 | 61.00 | NOTE | |
r-patched-linux-x86_64 | 1.0.2 | 5.08 | 28.73 | 33.81 | NOTE | |
r-release-linux-x86_64 | 1.0.2 | 3.18 | 28.60 | 31.78 | NOTE | |
r-release-macos-arm64 | 1.0.2 | 18.00 | NOTE | |||
r-release-macos-x86_64 | 1.0.2 | 28.00 | NOTE | |||
r-release-windows-x86_64 | 1.0.2 | 5.00 | 48.00 | 53.00 | NOTE | |
r-oldrel-macos-arm64 | 1.0.2 | 21.00 | NOTE | |||
r-oldrel-macos-x86_64 | 1.0.2 | 29.00 | NOTE | |||
r-oldrel-windows-x86_64 | 1.0.2 | 6.00 | 53.00 | 59.00 | NOTE |
Version: 1.0.2
Check: Rd cross-references
Result: NOTE
Found the following Rd file(s) with Rd \link{} targets missing package
anchors:
MvtF.Rd: hcubature, cubature
MvtGlomx.Rd: hcubature, cubature
MvtInvBeta.Rd: hcubature, cubature
Please provide package anchors for all Rd \link{} targets not in the
package itself and the base packages.
Flavors: r-devel-linux-x86_64-debian-clang, r-devel-linux-x86_64-debian-gcc, r-devel-windows-x86_64
Version: 1.0.2
Check: LazyData
Result: NOTE
'LazyData' is specified without a 'data' directory
Flavors: r-patched-linux-x86_64, r-release-linux-x86_64, r-release-macos-arm64, r-release-macos-x86_64, r-release-windows-x86_64, r-oldrel-macos-arm64, r-oldrel-macos-x86_64, r-oldrel-windows-x86_64