Last updated on 2025-05-09 07:51:02 CEST.
Flavor | Version | Tinstall | Tcheck | Ttotal | Status | Flags |
---|---|---|---|---|---|---|
r-devel-linux-x86_64-debian-clang | 0.6.0 | 5.77 | 56.02 | 61.79 | NOTE | |
r-devel-linux-x86_64-debian-gcc | 0.6.0 | 4.17 | 35.49 | 39.66 | NOTE | |
r-devel-linux-x86_64-fedora-clang | 0.6.0 | 97.62 | OK | |||
r-devel-linux-x86_64-fedora-gcc | 0.6.0 | 94.07 | OK | |||
r-devel-windows-x86_64 | 0.6.0 | 7.00 | 70.00 | 77.00 | OK | |
r-patched-linux-x86_64 | 0.6.0 | 6.26 | 52.30 | 58.56 | OK | |
r-release-linux-x86_64 | 0.6.0 | 5.06 | 52.81 | 57.87 | OK | |
r-release-macos-arm64 | 0.6.0 | 29.00 | OK | |||
r-release-macos-x86_64 | 0.6.0 | 62.00 | OK | |||
r-release-windows-x86_64 | 0.6.0 | 5.00 | 70.00 | 75.00 | OK | |
r-oldrel-macos-arm64 | 0.6.0 | 24.00 | OK | |||
r-oldrel-macos-x86_64 | 0.6.0 | 39.00 | OK | |||
r-oldrel-windows-x86_64 | 0.6.0 | 5.00 | 67.00 | 72.00 | OK |
Version: 0.6.0
Check: CRAN incoming feasibility
Result: NOTE
Maintainer: ‘Zifei Han <hanzifei1@gmail.com>’
No Authors@R field in DESCRIPTION.
Please add one, modifying
Authors@R: c(person(given = "Zifei",
family = "Han",
role = c("aut", "cre"),
email = "hanzifei1@gmail.com"),
person(given = "Qiang",
family = "Zhang",
role = "aut"),
person(given = c("Tianyu", "Bai", "Yuyan"),
family = "Duan",
role = "aut"),
person(given = "Keying",
family = "Ye",
role = "aut"))
as necessary.
Flavors: r-devel-linux-x86_64-debian-clang, r-devel-linux-x86_64-debian-gcc