Last updated on 2025-05-09 07:51:02 CEST.
Flavor | Version | Tinstall | Tcheck | Ttotal | Status | Flags |
---|---|---|---|---|---|---|
r-devel-linux-x86_64-debian-clang | 1.1.0 | 1.53 | 18.28 | 19.81 | NOTE | |
r-devel-linux-x86_64-debian-gcc | 1.1.0 | 1.31 | 15.28 | 16.59 | NOTE | |
r-devel-linux-x86_64-fedora-clang | 1.1.0 | 31.36 | OK | |||
r-devel-linux-x86_64-fedora-gcc | 1.1.0 | 29.99 | OK | |||
r-devel-windows-x86_64 | 1.1.0 | 3.00 | 43.00 | 46.00 | OK | |
r-patched-linux-x86_64 | 1.1.0 | 1.56 | 17.47 | 19.03 | OK | |
r-release-linux-x86_64 | 1.1.0 | 1.57 | 17.48 | 19.05 | OK | |
r-release-macos-arm64 | 1.1.0 | 19.00 | OK | |||
r-release-macos-x86_64 | 1.1.0 | 27.00 | OK | |||
r-release-windows-x86_64 | 1.1.0 | 4.00 | 43.00 | 47.00 | OK | |
r-oldrel-macos-arm64 | 1.1.0 | 14.00 | NOTE | |||
r-oldrel-macos-x86_64 | 1.1.0 | 23.00 | NOTE | |||
r-oldrel-windows-x86_64 | 1.1.0 | 2.00 | 42.00 | 44.00 | NOTE |
Version: 1.1.0
Check: CRAN incoming feasibility
Result: NOTE
Maintainer: ‘Joseph Lipoff <josephlipoff@msn.com>’
No Authors@R field in DESCRIPTION.
Please add one, modifying
Authors@R: c(person(given = c("Joseph", "V."),
family = "Lipoff",
role = "aut"),
person(given = "Will",
family = "Pauls",
role = "aut"),
person(given = c("Kaylin", "C."),
family = "Dobbs",
role = "aut"),
person(given = c("Jordan", "L."),
family = "Jensen",
role = "aut"),
person(given = "Kevin",
family = "Woods",
role = "aut"),
person(given = c("Evan", "T."),
family = "Johnson",
role = "aut"),
person(given = c("Benjamin", "F."),
family = "Timson",
role = "aut"),
person(given = c("Scott", "D.", "Zimmerman,and", "Paul"),
family = "Plummer",
role = "aut"),
person(given = "Joseph",
family = "Lipoff",
role = "cre",
email = "josephlipoff@msn.com"))
as necessary.
Flavors: r-devel-linux-x86_64-debian-clang, r-devel-linux-x86_64-debian-gcc
Version: 1.1.0
Check: LazyData
Result: NOTE
'LazyData' is specified without a 'data' directory
Flavors: r-oldrel-macos-arm64, r-oldrel-macos-x86_64, r-oldrel-windows-x86_64