Last updated on 2025-02-17 07:50:41 CET.
Flavor | Version | Tinstall | Tcheck | Ttotal | Status | Flags |
---|---|---|---|---|---|---|
r-devel-linux-x86_64-debian-clang | 1.2.5 | 4.41 | 49.92 | 54.33 | OK | |
r-devel-linux-x86_64-debian-gcc | 1.2.5 | 3.07 | 36.10 | 39.17 | OK | |
r-devel-linux-x86_64-fedora-clang | 1.2.5 | 89.03 | NOTE | |||
r-devel-linux-x86_64-fedora-gcc | 1.2.5 | 95.91 | NOTE | |||
r-devel-macos-arm64 | 1.2.5 | 81.00 | OK | |||
r-devel-macos-x86_64 | 1.2.5 | 124.00 | OK | |||
r-devel-windows-x86_64 | 1.2.5 | 6.00 | 71.00 | 77.00 | OK | |
r-patched-linux-x86_64 | 1.2.5 | 4.08 | 45.58 | 49.66 | OK | |
r-release-linux-x86_64 | 1.2.5 | 4.30 | 45.63 | 49.93 | OK | |
r-release-macos-arm64 | 1.2.5 | 85.00 | OK | |||
r-release-macos-x86_64 | 1.2.5 | 120.00 | OK | |||
r-release-windows-x86_64 | 1.2.5 | 7.00 | 72.00 | 79.00 | OK | |
r-oldrel-macos-arm64 | 1.2.5 | 58.00 | OK | |||
r-oldrel-macos-x86_64 | 1.2.5 | 81.00 | OK | |||
r-oldrel-windows-x86_64 | 1.2.5 | 8.00 | 120.00 | 128.00 | OK |
Version: 1.2.5
Check: dependencies in R code
Result: NOTE
Namespace in Imports field not imported from: ‘tibble’
All declared Imports should be used.
Flavors: r-devel-linux-x86_64-fedora-clang, r-devel-linux-x86_64-fedora-gcc