Last updated on 2025-02-17 07:50:40 CET.
Flavor | Version | Tinstall | Tcheck | Ttotal | Status | Flags |
---|---|---|---|---|---|---|
r-devel-linux-x86_64-debian-clang | 1.1.0 | 10.58 | 95.56 | 106.14 | NOTE | |
r-devel-linux-x86_64-debian-gcc | 1.1.0 | 6.93 | 67.80 | 74.73 | NOTE | |
r-devel-linux-x86_64-fedora-clang | 1.1.0 | 175.57 | OK | |||
r-devel-linux-x86_64-fedora-gcc | 1.1.0 | 167.29 | OK | |||
r-devel-macos-arm64 | 1.1.0 | 48.00 | OK | |||
r-devel-macos-x86_64 | 1.1.0 | 94.00 | OK | |||
r-devel-windows-x86_64 | 1.1.0 | 11.00 | 103.00 | 114.00 | NOTE | |
r-patched-linux-x86_64 | 1.1.0 | 14.28 | 87.59 | 101.87 | OK | |
r-release-linux-x86_64 | 1.1.0 | 10.13 | 88.36 | 98.49 | OK | |
r-release-macos-arm64 | 1.1.0 | 51.00 | OK | |||
r-release-macos-x86_64 | 1.1.0 | 93.00 | OK | |||
r-release-windows-x86_64 | 1.1.0 | 12.00 | 111.00 | 123.00 | OK | |
r-oldrel-macos-arm64 | 1.1.0 | 53.00 | OK | |||
r-oldrel-macos-x86_64 | 1.1.0 | 86.00 | OK | |||
r-oldrel-windows-x86_64 | 1.1.0 | 15.00 | 129.00 | 144.00 | OK |
Version: 1.1.0
Check: Rd cross-references
Result: NOTE
Found the following Rd file(s) with Rd \link{} targets missing package
anchors:
pseMer.Rd: merMod-class
xplode.Rd: merMod-class
Please provide package anchors for all Rd \link{} targets not in the
package itself and the base packages.
Flavors: r-devel-linux-x86_64-debian-clang, r-devel-linux-x86_64-debian-gcc, r-devel-windows-x86_64