Last updated on 2024-07-26 07:51:55 CEST.
Flavor | Version | Tinstall | Tcheck | Ttotal | Status | Flags |
---|---|---|---|---|---|---|
r-devel-linux-x86_64-debian-clang | 1.1.0 | 32.88 | 177.87 | 210.75 | OK | |
r-devel-linux-x86_64-debian-gcc | 1.1.0 | 21.34 | 134.73 | 156.07 | NOTE | |
r-devel-linux-x86_64-fedora-clang | 1.1.0 | 285.80 | OK | |||
r-devel-linux-x86_64-fedora-gcc | 1.1.0 | 253.73 | OK | |||
r-devel-windows-x86_64 | 1.1.0 | 25.00 | 141.00 | 166.00 | NOTE | |
r-patched-linux-x86_64 | 1.1.0 | OK | ||||
r-release-linux-x86_64 | 1.1.0 | 16.68 | 174.10 | 190.78 | OK | |
r-release-macos-arm64 | 1.1.0 | 68.00 | OK | |||
r-release-macos-x86_64 | 1.1.0 | 100.00 | OK | |||
r-release-windows-x86_64 | 1.1.0 | 23.00 | 151.00 | 174.00 | OK | |
r-oldrel-macos-arm64 | 1.1.0 | 64.00 | OK | |||
r-oldrel-macos-x86_64 | 1.1.0 | 189.00 | OK | |||
r-oldrel-windows-x86_64 | 1.1.0 | 30.00 | 188.00 | 218.00 | OK |
Version: 1.1.0
Check: Rd cross-references
Result: NOTE
Found the following Rd file(s) with Rd \link{} targets missing package
anchors:
kdeem.Rd: ucminf
mixregPvary.Rd: regmixEM
Please provide package anchors for all Rd \link{} targets not in the
package itself and the base packages.
Flavors: r-devel-linux-x86_64-debian-gcc, r-devel-windows-x86_64