Last updated on 2024-05-09 07:56:51 CEST.
Flavor | Version | Tinstall | Tcheck | Ttotal | Status | Flags |
---|---|---|---|---|---|---|
r-devel-linux-x86_64-debian-clang | 0.1.2 | 6.54 | 242.44 | 248.98 | NOTE | |
r-devel-linux-x86_64-debian-gcc | 0.1.2 | 3.87 | 167.08 | 170.95 | NOTE | |
r-devel-linux-x86_64-fedora-clang | 0.1.2 | 289.53 | NOTE | |||
r-devel-linux-x86_64-fedora-gcc | 0.1.2 | 320.22 | NOTE | |||
r-devel-windows-x86_64 | 0.1.2 | 7.00 | 181.00 | 188.00 | NOTE | |
r-patched-linux-x86_64 | 0.1.2 | 4.90 | 221.62 | 226.52 | NOTE | |
r-release-linux-x86_64 | 0.1.2 | 3.70 | 223.18 | 226.88 | NOTE | |
r-release-macos-arm64 | 0.1.2 | 73.00 | NOTE | |||
r-release-windows-x86_64 | 0.1.2 | 6.00 | 166.00 | 172.00 | NOTE | |
r-oldrel-macos-arm64 | 0.1.2 | 79.00 | NOTE | |||
r-oldrel-macos-x86_64 | 0.1.2 | 126.00 | NOTE | |||
r-oldrel-windows-x86_64 | 0.1.2 | 8.00 | 231.00 | 239.00 | NOTE |
Version: 0.1.2
Check: LazyData
Result: NOTE
'LazyData' is specified without a 'data' directory
Flavors: r-devel-linux-x86_64-debian-clang, r-devel-linux-x86_64-debian-gcc, r-devel-linux-x86_64-fedora-clang, r-devel-linux-x86_64-fedora-gcc, r-devel-windows-x86_64, r-patched-linux-x86_64, r-release-linux-x86_64, r-release-macos-arm64, r-release-windows-x86_64, r-oldrel-macos-arm64, r-oldrel-macos-x86_64, r-oldrel-windows-x86_64
Version: 0.1.2
Check: dependencies in R code
Result: NOTE
Namespace in Imports field not imported from: ‘rlang’
All declared Imports should be used.
Flavors: r-devel-linux-x86_64-fedora-clang, r-devel-linux-x86_64-fedora-gcc