Last updated on 2025-06-30 07:49:24 CEST.
Flavor | Version | Tinstall | Tcheck | Ttotal | Status | Flags |
---|---|---|---|---|---|---|
r-devel-linux-x86_64-debian-clang | 1.0.0 | 398.62 | 182.47 | 581.09 | OK | |
r-devel-linux-x86_64-debian-gcc | 1.0.0 | 370.58 | 156.51 | 527.09 | OK | |
r-devel-linux-x86_64-fedora-clang | 1.0.0 | 921.51 | OK | |||
r-devel-linux-x86_64-fedora-gcc | 1.0.0 | 1159.50 | OK | |||
r-devel-windows-x86_64 | 1.0.0 | 424.00 | 231.00 | 655.00 | OK | |
r-patched-linux-x86_64 | OK | |||||
r-release-linux-x86_64 | 1.0.0 | 439.11 | 210.63 | 649.74 | OK | |
r-release-macos-arm64 | 1.0.0 | 246.00 | OK | |||
r-release-macos-x86_64 | 1.0.0 | 324.00 | OK | |||
r-release-windows-x86_64 | 1.0.0 | 413.00 | 229.00 | 642.00 | OK | |
r-oldrel-macos-arm64 | 1.0.0 | 136.00 | NOTE | |||
r-oldrel-macos-x86_64 | 1.0.0 | 165.00 | NOTE | |||
r-oldrel-windows-x86_64 | 1.0.0 | 479.00 | 280.00 | 759.00 | NOTE |
Version: 1.0.0
Check: installed package size
Result: NOTE
installed size is 91.3Mb
sub-directories of 1Mb or more:
libs 90.8Mb
Flavors: r-oldrel-macos-arm64, r-oldrel-macos-x86_64
Version: 1.0.0
Check: for GNU extensions in Makefiles
Result: NOTE
GNU make is a SystemRequirements.
Flavors: r-oldrel-macos-arm64, r-oldrel-macos-x86_64, r-oldrel-windows-x86_64