CRAN Package Check Results for Package MarkowitzR

Last updated on 2025-06-30 07:49:24 CEST.

Flavor Version Tinstall Tcheck Ttotal Status Flags
r-devel-linux-x86_64-debian-clang 1.0.3 2.04 53.75 55.79 NOTE
r-devel-linux-x86_64-debian-gcc 1.0.3 1.47 42.33 43.80 NOTE
r-devel-linux-x86_64-fedora-clang 1.0.3 85.75 OK
r-devel-linux-x86_64-fedora-gcc 1.0.3 97.70 OK
r-devel-windows-x86_64 1.0.3 3.00 107.00 110.00 OK
r-patched-linux-x86_64 OK
r-release-linux-x86_64 1.0.3 1.72 50.46 52.18 OK
r-release-macos-arm64 1.0.3 51.00 OK
r-release-macos-x86_64 1.0.3 79.00 OK
r-release-windows-x86_64 1.0.3 4.00 106.00 110.00 OK
r-oldrel-macos-arm64 1.0.3 40.00 OK
r-oldrel-macos-x86_64 1.0.3 105.00 OK
r-oldrel-windows-x86_64 1.0.3 4.00 110.00 114.00 OK

Check Details

Version: 1.0.3
Check: CRAN incoming feasibility
Result: NOTE Maintainer: ‘Steven E. Pav <shabbychef@gmail.com>’ The Description field contains <arxiv:1312.0557>. Please refer to arXiv e-prints via their arXiv DOI <doi:10.48550/arXiv.YYMM.NNNNN>. Flavors: r-devel-linux-x86_64-debian-clang, r-devel-linux-x86_64-debian-gcc