CRAN Package Check Results for Package MSCsimtester

Last updated on 2025-02-19 07:53:51 CET.

Flavor Version Tinstall Tcheck Ttotal Status Flags
r-devel-linux-x86_64-debian-clang 1.0.0 3.34 30.87 34.21 NOTE
r-devel-linux-x86_64-debian-gcc 1.0.0 2.51 22.98 25.49 NOTE
r-devel-linux-x86_64-fedora-clang 1.0.0 55.97 OK
r-devel-linux-x86_64-fedora-gcc 1.0.0 50.53 OK
r-devel-macos-arm64 1.0.0 21.00 OK
r-devel-macos-x86_64 1.0.0 34.00 OK
r-devel-windows-x86_64 1.0.0 4.00 51.00 55.00 NOTE
r-patched-linux-x86_64 1.0.0 5.61 29.50 35.11 OK
r-release-linux-x86_64 1.0.0 3.16 29.23 32.39 OK
r-release-macos-arm64 1.0.0 22.00 OK
r-release-macos-x86_64 1.0.0 29.00 OK
r-release-windows-x86_64 1.0.0 4.00 51.00 55.00 OK
r-oldrel-macos-arm64 1.0.0 22.00 OK
r-oldrel-macos-x86_64 1.0.0 33.00 OK
r-oldrel-windows-x86_64 1.0.0 5.00 77.00 82.00 OK

Check Details

Version: 1.0.0
Check: Rd cross-references
Result: NOTE Found the following Rd file(s) with Rd \link{} targets missing package anchors: ADtest.Rd: kSamples-package Please provide package anchors for all Rd \link{} targets not in the package itself and the base packages. Flavors: r-devel-linux-x86_64-debian-clang, r-devel-linux-x86_64-debian-gcc, r-devel-windows-x86_64