Last updated on 2025-05-09 07:51:01 CEST.
Flavor | Version | Tinstall | Tcheck | Ttotal | Status | Flags |
---|---|---|---|---|---|---|
r-devel-linux-x86_64-debian-clang | 1.0.7 | 2.18 | 19.70 | 21.88 | NOTE | |
r-devel-linux-x86_64-debian-gcc | 1.0.7 | 1.72 | 16.28 | 18.00 | NOTE | |
r-devel-linux-x86_64-fedora-clang | 1.0.7 | 34.21 | OK | |||
r-devel-linux-x86_64-fedora-gcc | 1.0.7 | 32.60 | OK | |||
r-devel-windows-x86_64 | 1.0.7 | 3.00 | 41.00 | 44.00 | OK | |
r-patched-linux-x86_64 | 1.0.7 | 1.92 | 19.00 | 20.92 | OK | |
r-release-linux-x86_64 | 1.0.7 | 1.95 | 18.87 | 20.82 | OK | |
r-release-macos-arm64 | 1.0.7 | 16.00 | OK | |||
r-release-macos-x86_64 | 1.0.7 | 24.00 | OK | |||
r-release-windows-x86_64 | 1.0.7 | 4.00 | 43.00 | 47.00 | OK | |
r-oldrel-macos-arm64 | 1.0.7 | 15.00 | OK | |||
r-oldrel-macos-x86_64 | 1.0.7 | 23.00 | OK | |||
r-oldrel-windows-x86_64 | 1.0.7 | 2.00 | 40.00 | 42.00 | OK |
Version: 1.0.7
Check: CRAN incoming feasibility
Result: NOTE
Maintainer: ‘Edgar Santos-Fernandez <edgar.santosfdez@gmail.com>’
No Authors@R field in DESCRIPTION.
Please add one, modifying
Authors@R: c(person(given = "Edgar",
family = "Santos-Fernandez",
role = c("aut", "cre"),
email = "edgar.santosfdez@gmail.com"),
person(given = "Michele",
family = "Scagliarini.",
role = "aut"))
as necessary.
Package CITATION file contains call(s) to old-style personList() or
as.personList(). Please use c() on person objects instead.
Package CITATION file contains call(s) to old-style citEntry(). Please
use bibentry() instead.
Flavors: r-devel-linux-x86_64-debian-clang, r-devel-linux-x86_64-debian-gcc